CRAN Package Check Results for Package verhoeff

Last updated on 2024-02-26 04:49:43 CET.

Flavor Version Tinstall Tcheck Ttotal Status Flags
r-devel-linux-x86_64-debian-clang 0.4.0 1.67 22.37 24.04 NOTE
r-devel-linux-x86_64-debian-gcc 0.4.0 1.49 17.95 19.44 NOTE
r-devel-linux-x86_64-fedora-clang 0.4.0 30.60 NOTE
r-devel-linux-x86_64-fedora-gcc 0.4.0 29.02 NOTE
r-devel-windows-x86_64 0.4.0 2.00 40.00 42.00 NOTE
r-patched-linux-x86_64 0.4.0 1.87 22.51 24.38 NOTE
r-release-linux-x86_64 0.4.0 1.54 22.37 23.91 NOTE
r-release-macos-arm64 0.4.0 15.00 NOTE
r-release-macos-x86_64 0.4.0 20.00 NOTE
r-release-windows-x86_64 0.4.0 2.00 38.00 40.00 NOTE
r-oldrel-macos-arm64 0.4.0 18.00 NOTE
r-oldrel-windows-x86_64 0.4.0 3.00 50.00 53.00 NOTE

Check Details

Version: 0.4.0
Check: LazyData
Result: NOTE 'LazyData' is specified without a 'data' directory Flavors: r-devel-linux-x86_64-debian-clang, r-devel-linux-x86_64-debian-gcc, r-devel-linux-x86_64-fedora-clang, r-devel-linux-x86_64-fedora-gcc, r-devel-windows-x86_64, r-patched-linux-x86_64, r-release-linux-x86_64, r-release-macos-arm64, r-release-macos-x86_64, r-release-windows-x86_64, r-oldrel-macos-arm64, r-oldrel-windows-x86_64