CRAN Package Check Results for Package velociraptr

Last updated on 2020-08-08 15:47:07 CEST.

Flavor Version Tinstall Tcheck Ttotal Status Flags
r-devel-linux-x86_64-debian-clang 1.1.0 2.22 21.04 23.26 OK
r-devel-linux-x86_64-debian-gcc 1.1.0 1.79 16.48 18.27 OK
r-devel-linux-x86_64-fedora-clang 1.1.0 36.76 OK
r-devel-linux-x86_64-fedora-gcc 1.1.0 27.07 OK
r-devel-windows-ix86+x86_64 1.1.0 6.00 95.00 101.00 ERROR
r-patched-linux-x86_64 1.1.0 2.23 20.69 22.92 OK
r-patched-solaris-x86 1.1.0 42.50 OK
r-release-linux-x86_64 1.1.0 2.07 21.14 23.21 OK
r-release-macos-x86_64 1.1.0 OK
r-release-windows-ix86+x86_64 1.1.0 8.00 43.00 51.00 OK
r-oldrel-macos-x86_64 1.1.0 OK
r-oldrel-windows-ix86+x86_64 1.1.0 4.00 38.00 42.00 OK

Check Details

Version: 1.1.0
Check: examples
Result: ERROR
    Running examples in 'velociraptr-Ex.R' failed
    The error most likely occurred in:
    
    > ### Name: downloadTime
    > ### Title: Download geologic timescale
    > ### Aliases: downloadTime
    >
    > ### ** Examples
    >
    >
    > # Download the ICS recognized periods timescale
    > Timescale<-downloadTime(Timescale="international periods")
    Warning in file(file, "rt") :
     InternetOpenUrl failed: 'Die Serververbindung konnte nicht hergestellt werden.'
    Error in file(file, "rt") : cannot open the connection
    Calls: downloadTime -> <Anonymous> -> read.table -> file
    Execution halted
Flavor: r-devel-windows-ix86+x86_64