CRAN Package Check Results for Package vegan

Last updated on 2020-07-09 04:49:45 CEST.

Flavor Version Tinstall Tcheck Ttotal Status Flags
r-devel-linux-x86_64-debian-clang 2.5-6 38.01 294.42 332.43 OK
r-devel-linux-x86_64-debian-gcc 2.5-6 33.25 222.97 256.22 OK
r-devel-linux-x86_64-fedora-clang 2.5-6 406.43 NOTE
r-devel-linux-x86_64-fedora-gcc 2.5-6 407.11 OK
r-devel-windows-ix86+x86_64 2.5-6 66.00 457.00 523.00 OK
r-patched-linux-x86_64 2.5-6 40.29 292.92 333.21 OK
r-patched-solaris-x86 2.5-6 517.20 OK
r-release-linux-x86_64 2.5-6 40.46 291.01 331.47 OK
r-release-osx-x86_64 2.5-6 OK
r-release-windows-ix86+x86_64 2.5-6 63.00 548.00 611.00 OK
r-oldrel-osx-x86_64 2.5-6 NOTE
r-oldrel-windows-ix86+x86_64 2.5-6 82.00 512.00 594.00 OK

Check Details

Version: 2.5-6
Check: Rd cross-references
Result: NOTE
    Undeclared packages ‘ade4’, ‘cclust’, ‘bipartite’, ‘labdsv’, ‘ellipse’, ‘vegan3d’, ‘coda’, ‘maptools’, ‘ape’, ‘picante’ in Rd xrefs
Flavor: r-devel-linux-x86_64-fedora-clang

Version: 2.5-6
Check: dependencies in R code
Result: NOTE
    No protocol specified
    No protocol specified
Flavor: r-oldrel-osx-x86_64