Last updated on 2023-11-29 16:52:07 CET.
Flavor | Version | Tinstall | Tcheck | Ttotal | Status | Flags |
---|---|---|---|---|---|---|
r-devel-linux-x86_64-debian-clang | 0.6.4 | 49.17 | 274.67 | 323.84 | WARN | |
r-devel-linux-x86_64-debian-gcc | 0.6.4 | 38.65 | 206.34 | 244.99 | WARN | |
r-devel-linux-x86_64-fedora-clang | 0.6.4 | 386.73 | WARN | |||
r-devel-linux-x86_64-fedora-gcc | 0.6.4 | 414.90 | WARN | |||
r-devel-windows-x86_64 | 0.6.4 | 64.00 | 225.00 | 289.00 | WARN | |
r-patched-linux-x86_64 | 0.6.4 | 50.66 | 262.52 | 313.18 | OK | |
r-release-linux-x86_64 | 0.6.4 | 47.02 | 262.15 | 309.17 | OK | |
r-release-macos-arm64 | 0.6.4 | 117.00 | OK | |||
r-release-macos-x86_64 | 0.6.4 | 289.00 | OK | |||
r-release-windows-x86_64 | 0.6.4 | 79.00 | 331.00 | 410.00 | OK | |
r-oldrel-macos-arm64 | 0.6.4 | 103.00 | OK | |||
r-oldrel-macos-x86_64 | 0.6.4 | 143.00 | OK | |||
r-oldrel-windows-x86_64 | 0.6.4 | 74.00 | 271.00 | 345.00 | OK |
Version: 0.6.4
Check: whether package can be installed
Result: WARN
Found the following significant warnings:
altrep-rle.c:63:11: warning: format specifies type 'int' but the argument has type 'R_xlen_t' (aka 'long') [-Wformat]
See ‘/home/hornik/tmp/R.check/r-devel-clang/Work/PKGS/vctrs.Rcheck/00install.out’ for details.
* used C compiler: ‘Debian clang version 17.0.5 (1)’
Flavor: r-devel-linux-x86_64-debian-clang
Version: 0.6.4
Check: whether package can be installed
Result: WARN
Found the following significant warnings:
altrep-rle.c:62:35: warning: format ‘%d’ expects argument of type ‘int’, but argument 2 has type ‘R_xlen_t’ {aka ‘long int’} [-Wformat=]
See ‘/home/hornik/tmp/R.check/r-devel-gcc/Work/PKGS/vctrs.Rcheck/00install.out’ for details.
* used C compiler: ‘gcc-13 (Debian 13.2.0-5) 13.2.0’
Flavor: r-devel-linux-x86_64-debian-gcc
Version: 0.6.4
Check: whether package can be installed
Result: WARN
Found the following significant warnings:
altrep-rle.c:63:11: warning: format specifies type 'int' but the argument has type 'R_xlen_t' (aka 'long') [-Wformat]
See ‘/data/gannet/ripley/R/packages/tests-clang/vctrs.Rcheck/00install.out’ for details.
* used C compiler: ‘clang version 17.0.5’
Flavor: r-devel-linux-x86_64-fedora-clang
Version: 0.6.4
Check: whether package can be installed
Result: WARN
Found the following significant warnings:
altrep-rle.c:62:35: warning: format '%d' expects argument of type 'int', but argument 2 has type 'R_xlen_t' {aka 'long int'} [-Wformat=]
See ‘/data/gannet/ripley/R/packages/tests-devel/vctrs.Rcheck/00install.out’ for details.
* used C compiler: ‘gcc-13 (GCC) 13.2.0’
Flavor: r-devel-linux-x86_64-fedora-gcc
Version: 0.6.4
Check: whether package can be installed
Result: WARN
Found the following significant warnings:
altrep-rle.c:62:35: warning: format '%d' expects argument of type 'int', but argument 2 has type 'R_xlen_t' {aka 'long long int'} [-Wformat=]
See 'd:/Rcompile/CRANpkg/local/4.4/vctrs.Rcheck/00install.out' for details.
* used C compiler: 'gcc.exe (GCC) 12.3.0'
Flavor: r-devel-windows-x86_64