CRAN Package Check Results for Package vasicekreg

Last updated on 2024-03-02 04:48:38 CET.

Flavor Version Tinstall Tcheck Ttotal Status Flags
r-devel-linux-x86_64-debian-clang 1.0.1 34.73 79.70 114.43 NOTE
r-devel-linux-x86_64-debian-gcc 1.0.1 28.15 59.09 87.24 NOTE
r-devel-linux-x86_64-fedora-clang 1.0.1 152.72 NOTE
r-devel-linux-x86_64-fedora-gcc 1.0.1 151.34 NOTE
r-devel-windows-x86_64 1.0.1 30.00 93.00 123.00 NOTE
r-patched-linux-x86_64 1.0.1 36.71 78.68 115.39 NOTE
r-release-linux-x86_64 1.0.1 34.37 77.17 111.54 NOTE
r-release-macos-arm64 1.0.1 46.00 NOTE
r-release-macos-x86_64 1.0.1 75.00 NOTE
r-release-windows-x86_64 1.0.1 38.00 112.00 150.00 NOTE
r-oldrel-macos-arm64 1.0.1 43.00 OK
r-oldrel-windows-x86_64 1.0.1 34.00 106.00 140.00 OK

Check Details

Version: 1.0.1
Check: package subdirectories
Result: NOTE Problems with news in ‘NEWS.md’: No news entries found. Flavors: r-devel-linux-x86_64-debian-clang, r-devel-linux-x86_64-debian-gcc, r-devel-linux-x86_64-fedora-clang, r-devel-linux-x86_64-fedora-gcc, r-devel-windows-x86_64, r-patched-linux-x86_64, r-release-linux-x86_64, r-release-macos-arm64, r-release-macos-x86_64, r-release-windows-x86_64