CRAN Package Check Results for Package varjmcm

Last updated on 2024-02-25 04:51:21 CET.

Flavor Version Tinstall Tcheck Ttotal Status Flags
r-devel-linux-x86_64-debian-clang 0.1.1 9.55 70.90 80.45 NOTE
r-devel-linux-x86_64-debian-gcc 0.1.1 6.98 54.47 61.45 NOTE
r-devel-linux-x86_64-fedora-clang 0.1.1 99.11 NOTE
r-devel-linux-x86_64-fedora-gcc 0.1.1 98.21 NOTE
r-devel-windows-x86_64 0.1.1 7.00 67.00 74.00 NOTE
r-patched-linux-x86_64 0.1.1 9.46 71.09 80.55 NOTE
r-release-linux-x86_64 0.1.1 6.96 70.76 77.72 NOTE
r-release-macos-arm64 0.1.1 33.00 NOTE
r-release-macos-x86_64 0.1.1 52.00 NOTE
r-release-windows-x86_64 0.1.1 11.00 80.00 91.00 NOTE
r-oldrel-macos-arm64 0.1.1 30.00 NOTE
r-oldrel-windows-x86_64 0.1.1 11.00 83.00 94.00 NOTE

Check Details

Version: 0.1.1
Check: LazyData
Result: NOTE 'LazyData' is specified without a 'data' directory Flavors: r-devel-linux-x86_64-debian-clang, r-devel-linux-x86_64-debian-gcc, r-devel-linux-x86_64-fedora-clang, r-devel-linux-x86_64-fedora-gcc, r-devel-windows-x86_64, r-patched-linux-x86_64, r-release-linux-x86_64, r-release-macos-arm64, r-release-macos-x86_64, r-release-windows-x86_64, r-oldrel-macos-arm64, r-oldrel-windows-x86_64