Last updated on 2023-12-02 16:49:32 CET.
Flavor | Version | Tinstall | Tcheck | Ttotal | Status | Flags |
---|---|---|---|---|---|---|
r-devel-linux-x86_64-debian-clang | 0.4 | 8.82 | 121.65 | 130.47 | NOTE | |
r-devel-linux-x86_64-debian-gcc | 0.4 | 7.43 | 99.30 | 106.73 | NOTE | |
r-devel-linux-x86_64-fedora-clang | 0.4 | 161.75 | NOTE | |||
r-devel-linux-x86_64-fedora-gcc | 0.4 | 162.28 | NOTE | |||
r-devel-windows-x86_64 | 0.4 | 10.00 | 119.00 | 129.00 | NOTE | |
r-patched-linux-x86_64 | 0.4 | 9.86 | 120.18 | 130.04 | NOTE | |
r-release-linux-x86_64 | 0.4 | 7.98 | 119.31 | 127.29 | NOTE | |
r-release-macos-arm64 | 0.4 | 54.00 | NOTE | |||
r-release-macos-x86_64 | 0.4 | 76.00 | NOTE | |||
r-release-windows-x86_64 | 0.4 | 12.00 | 147.00 | 159.00 | NOTE | |
r-oldrel-macos-arm64 | 0.4 | 46.00 | NOTE | |||
r-oldrel-macos-x86_64 | 0.4 | 93.00 | NOTE | |||
r-oldrel-windows-x86_64 | 0.4 | 12.00 | 145.00 | 157.00 | NOTE |
Version: 0.4
Check: LazyData
Result: NOTE
'LazyData' is specified without a 'data' directory
Flavors: r-devel-linux-x86_64-debian-clang, r-devel-linux-x86_64-debian-gcc, r-devel-linux-x86_64-fedora-clang, r-devel-linux-x86_64-fedora-gcc, r-devel-windows-x86_64, r-patched-linux-x86_64, r-release-linux-x86_64, r-release-macos-arm64, r-release-macos-x86_64, r-release-windows-x86_64, r-oldrel-macos-arm64, r-oldrel-macos-x86_64, r-oldrel-windows-x86_64