CRAN Package Check Results for Package vapour

Last updated on 2024-02-26 16:56:40 CET.

Flavor Version Tinstall Tcheck Ttotal Status Flags
r-devel-linux-x86_64-debian-clang 0.9.5 136.34 68.31 204.65 OK
r-devel-linux-x86_64-debian-gcc 0.9.5 104.31 51.84 156.15 OK
r-devel-linux-x86_64-fedora-clang 0.9.5 298.12 OK
r-devel-linux-x86_64-fedora-gcc 0.9.5 300.96 OK
r-devel-windows-x86_64 0.9.5 117.00 565.00 682.00 NOTE
r-patched-linux-x86_64 0.9.5 136.75 66.47 203.22 OK
r-release-linux-x86_64 0.9.5 134.31 66.69 201.00 OK
r-release-macos-arm64 0.9.5 123.00 NOTE
r-release-macos-x86_64 0.9.5 158.00 NOTE
r-release-windows-x86_64 0.9.5 117.00 725.00 842.00 NOTE
r-oldrel-macos-arm64 0.9.5 112.00 NOTE
r-oldrel-windows-x86_64 0.9.5 183.00 562.00 745.00 NOTE

Check Details

Version: 0.9.5
Check: installed package size
Result: NOTE installed size is 104.4Mb sub-directories of 1Mb or more: extdata 2.8Mb gdal 3.0Mb libs 88.9Mb proj 8.4Mb Flavors: r-devel-windows-x86_64, r-release-macos-arm64, r-release-macos-x86_64, r-release-windows-x86_64, r-oldrel-macos-arm64, r-oldrel-windows-x86_64