Last updated on 2023-12-02 04:52:33 CET.
Flavor | Version | Tinstall | Tcheck | Ttotal | Status | Flags |
---|---|---|---|---|---|---|
r-devel-linux-x86_64-debian-clang | 0.7.0 | 209.34 | 525.13 | 734.47 | OK | |
r-devel-linux-x86_64-debian-gcc | 0.7.0 | 161.24 | 397.93 | 559.17 | OK | |
r-devel-linux-x86_64-fedora-clang | 0.7.0 | 991.49 | OK | |||
r-devel-linux-x86_64-fedora-gcc | 0.7.0 | 1025.36 | OK | |||
r-devel-windows-x86_64 | 0.7.0 | 163.00 | 420.00 | 583.00 | OK | |
r-patched-linux-x86_64 | 0.7.0 | 158.44 | 512.32 | 670.76 | OK | |
r-release-linux-x86_64 | 0.7.0 | 139.65 | 511.06 | 650.71 | OK | |
r-release-macos-arm64 | 0.7.0 | 310.00 | NOTE | |||
r-release-macos-x86_64 | 0.7.0 | 470.00 | NOTE | |||
r-release-windows-x86_64 | 0.7.0 | 215.00 | 563.00 | 778.00 | OK | |
r-oldrel-macos-arm64 | 0.7.0 | 226.00 | NOTE | |||
r-oldrel-macos-x86_64 | 0.7.0 | 288.00 | NOTE | |||
r-oldrel-windows-x86_64 | 0.7.0 | 192.00 | 467.00 | 659.00 | OK |
Version: 0.7.0
Check: installed package size
Result: NOTE
installed size is 7.1Mb
sub-directories of 1Mb or more:
libs 6.0Mb
Flavors: r-release-macos-arm64, r-release-macos-x86_64, r-oldrel-macos-arm64, r-oldrel-macos-x86_64