CRAN Package Check Results for Package utilsIPEA

Last updated on 2025-01-21 16:50:27 CET.

Flavor Version Tinstall Tcheck Ttotal Status Flags
r-devel-linux-x86_64-debian-clang 0.0.6 4.16 36.73 40.89 OK
r-devel-linux-x86_64-debian-gcc 0.0.6 2.97 26.03 29.00 OK
r-devel-linux-x86_64-fedora-clang 0.0.6 65.91 NOTE
r-devel-linux-x86_64-fedora-gcc 0.0.6 60.19 NOTE
r-devel-windows-x86_64 0.0.6 6.00 55.00 61.00 OK
r-patched-linux-x86_64 0.0.6 4.32 33.31 37.63 OK
r-release-linux-x86_64 0.0.6 4.16 33.39 37.55 OK
r-release-macos-arm64 0.0.6 23.00 OK
r-release-macos-x86_64 0.0.6 33.00 OK
r-release-windows-x86_64 0.0.6 6.00 53.00 59.00 OK
r-oldrel-macos-arm64 0.0.6 24.00 OK
r-oldrel-macos-x86_64 0.0.6 34.00 OK
r-oldrel-windows-x86_64 0.0.6 8.00 59.00 67.00 OK

Check Details

Version: 0.0.6
Check: dependencies in R code
Result: NOTE Namespaces in Imports field not imported from: ‘RCurl’ ‘stringdist’ ‘utils’ All declared Imports should be used. Flavors: r-devel-linux-x86_64-fedora-clang, r-devel-linux-x86_64-fedora-gcc