CRAN Package Check Results for Package unvotes

Last updated on 2024-03-03 16:50:13 CET.

Flavor Version Tinstall Tcheck Ttotal Status Flags
r-devel-linux-x86_64-debian-clang 0.3.0 6.11 43.19 49.30 OK
r-devel-linux-x86_64-debian-gcc 0.3.0 5.54 32.90 38.44 OK
r-devel-linux-x86_64-fedora-clang 0.3.0 61.01 NOTE
r-devel-linux-x86_64-fedora-gcc 0.3.0 71.87 NOTE
r-devel-windows-x86_64 0.3.0 7.00 53.00 60.00 OK
r-patched-linux-x86_64 0.3.0 5.61 41.97 47.58 OK
r-release-linux-x86_64 0.3.0 6.43 41.91 48.34 OK
r-release-macos-arm64 0.3.0 35.00 OK
r-release-macos-x86_64 0.3.0 53.00 OK
r-release-windows-x86_64 0.3.0 8.00 58.00 66.00 OK
r-oldrel-macos-arm64 0.3.0 38.00 OK
r-oldrel-windows-x86_64 0.3.0 13.00 61.00 74.00 OK

Check Details

Version: 0.3.0
Check: data for non-ASCII characters
Result: NOTE Note: found 7872 marked UTF-8 strings Flavors: r-devel-linux-x86_64-fedora-clang, r-devel-linux-x86_64-fedora-gcc