CRAN Package Check Results for Package unpivotr

Last updated on 2020-08-14 03:48:03 CEST.

Flavor Version Tinstall Tcheck Ttotal Status Flags
r-devel-linux-x86_64-debian-clang 0.6.1 0.77 2.48 3.25 ERROR
r-devel-linux-x86_64-debian-gcc 0.6.1 2.81 57.26 60.07 OK
r-devel-linux-x86_64-fedora-clang 0.6.1 98.03 OK
r-devel-linux-x86_64-fedora-gcc 0.6.1 90.33 OK
r-devel-windows-ix86+x86_64 0.6.1 17.00 107.00 124.00 OK
r-patched-linux-x86_64 0.6.1 3.59 72.60 76.19 OK
r-patched-solaris-x86 0.6.1 122.40 OK
r-release-linux-x86_64 0.6.1 3.80 73.21 77.01 OK
r-release-macos-x86_64 0.6.1 OK
r-release-windows-ix86+x86_64 0.6.1 12.00 108.00 120.00 OK
r-oldrel-macos-x86_64 0.6.1 OK
r-oldrel-windows-ix86+x86_64 0.6.1 9.00 80.00 89.00 OK

Check Details

Version: 0.6.1
Check: package dependencies
Result: ERROR
    Package required but not available: 'tidyr'
    
    See section 'The DESCRIPTION file' in the 'Writing R Extensions'
    manual.
Flavor: r-devel-linux-x86_64-debian-clang