CRAN Package Check Results for Package unisensR

Last updated on 2024-02-25 04:51:21 CET.

Flavor Version Tinstall Tcheck Ttotal Status Flags
r-devel-linux-x86_64-debian-clang 0.3.3 2.35 34.20 36.55 NOTE
r-devel-linux-x86_64-debian-gcc 0.3.3 1.74 27.94 29.68 NOTE
r-devel-linux-x86_64-fedora-clang 0.3.3 46.91 NOTE
r-devel-linux-x86_64-fedora-gcc 0.3.3 46.02 NOTE
r-devel-windows-x86_64 0.3.3 4.00 50.00 54.00 NOTE
r-patched-linux-x86_64 0.3.3 2.11 35.09 37.20 NOTE
r-release-linux-x86_64 0.3.3 2.28 34.67 36.95 NOTE
r-release-macos-arm64 0.3.3 22.00 NOTE
r-release-macos-x86_64 0.3.3 31.00 NOTE
r-release-windows-x86_64 0.3.3 5.00 53.00 58.00 NOTE
r-oldrel-macos-arm64 0.3.3 20.00 NOTE
r-oldrel-windows-x86_64 0.3.3 4.00 60.00 64.00 NOTE

Check Details

Version: 0.3.3
Check: LazyData
Result: NOTE 'LazyData' is specified without a 'data' directory Flavors: r-devel-linux-x86_64-debian-clang, r-devel-linux-x86_64-debian-gcc, r-devel-linux-x86_64-fedora-clang, r-devel-linux-x86_64-fedora-gcc, r-devel-windows-x86_64, r-patched-linux-x86_64, r-release-linux-x86_64, r-release-macos-arm64, r-release-macos-x86_64, r-release-windows-x86_64, r-oldrel-macos-arm64, r-oldrel-windows-x86_64