CRAN Package Check Results for Package unifed

Last updated on 2020-10-26 03:48:38 CET.

Flavor Version Tinstall Tcheck Ttotal Status Flags
r-devel-linux-x86_64-debian-clang 1.1.3 3.15 31.98 35.13 OK
r-devel-linux-x86_64-debian-gcc 1.1.3 2.25 25.60 27.85 NOTE
r-devel-linux-x86_64-fedora-clang 1.1.3 53.25 OK
r-devel-linux-x86_64-fedora-gcc 1.1.3 42.33 OK
r-devel-windows-ix86+x86_64 1.1.3 9.00 118.00 127.00 OK
r-patched-linux-x86_64 1.1.3 3.07 30.63 33.70 OK
r-patched-solaris-x86 1.1.3 63.50 OK
r-release-linux-x86_64 1.1.3 2.73 30.64 33.37 OK
r-release-macos-x86_64 1.1.3 OK
r-release-windows-ix86+x86_64 1.1.3 7.00 58.00 65.00 OK
r-oldrel-macos-x86_64 1.1.3 OK
r-oldrel-windows-ix86+x86_64 1.1.3 7.00 47.00 54.00 OK

Check Details

Version: 1.1.3
Check: package dependencies
Result: NOTE
    Package suggested but not available for checking: ‘rstan’
Flavor: r-devel-linux-x86_64-debian-gcc