CRAN Package Check Results for Package ucbthesis

Last updated on 2020-08-08 15:47:06 CEST.

Flavor Version Tinstall Tcheck Ttotal Status Flags
r-devel-linux-x86_64-debian-clang 1.0 2.41 24.59 27.00 NOTE
r-devel-linux-x86_64-debian-gcc 1.0 1.75 18.92 20.67 NOTE
r-devel-linux-x86_64-fedora-clang 1.0 40.14 NOTE
r-devel-linux-x86_64-fedora-gcc 1.0 31.04 NOTE
r-devel-windows-ix86+x86_64 1.0 8.00 55.00 63.00 NOTE
r-patched-linux-x86_64 1.0 2.32 23.68 26.00 NOTE
r-patched-solaris-x86 1.0 56.80 NOTE
r-release-linux-x86_64 1.0 2.30 23.44 25.74 NOTE
r-release-macos-x86_64 1.0 NOTE
r-release-windows-ix86+x86_64 1.0 9.00 38.00 47.00 NOTE
r-oldrel-macos-x86_64 1.0 NOTE
r-oldrel-windows-ix86+x86_64 1.0 4.00 38.00 42.00 NOTE

Check Details

Version: 1.0
Check: R code for possible problems
Result: NOTE
    rmd2pdf: no visible global function definition for 'tail'
    rnw2pdf: no visible global function definition for 'tail'
    Undefined global functions or variables:
     tail
    Consider adding
     importFrom("utils", "tail")
    to your NAMESPACE file.
Flavors: r-devel-linux-x86_64-debian-clang, r-devel-linux-x86_64-debian-gcc, r-devel-linux-x86_64-fedora-clang, r-devel-linux-x86_64-fedora-gcc, r-devel-windows-ix86+x86_64, r-patched-linux-x86_64, r-patched-solaris-x86, r-release-linux-x86_64, r-release-macos-x86_64, r-release-windows-ix86+x86_64, r-oldrel-macos-x86_64, r-oldrel-windows-ix86+x86_64