Last updated on 2023-12-08 05:02:20 CET.
Flavor | Version | Tinstall | Tcheck | Ttotal | Status | Flags |
---|---|---|---|---|---|---|
r-devel-linux-x86_64-debian-clang | 2.0.1 | 20.92 | 177.29 | 198.21 | OK | |
r-devel-linux-x86_64-debian-gcc | 2.0.1 | 16.23 | 129.80 | 146.03 | OK | |
r-devel-linux-x86_64-fedora-clang | 2.0.1 | 258.12 | NOTE | |||
r-devel-linux-x86_64-fedora-gcc | 2.0.1 | 258.85 | OK | |||
r-devel-windows-x86_64 | 2.0.1 | 21.00 | 165.00 | 186.00 | NOTE | |
r-patched-linux-x86_64 | 2.0.1 | 19.93 | 169.05 | 188.98 | OK | |
r-release-linux-x86_64 | 2.0.1 | 15.59 | 168.01 | 183.60 | OK | |
r-release-macos-arm64 | 2.0.1 | 107.00 | NOTE | |||
r-release-macos-x86_64 | 2.0.1 | 198.00 | NOTE | |||
r-release-windows-x86_64 | 2.0.1 | 25.00 | 195.00 | 220.00 | NOTE | |
r-oldrel-macos-arm64 | 2.0.1 | 80.00 | NOTE | |||
r-oldrel-macos-x86_64 | 2.0.0 | 108.00 | NOTE | |||
r-oldrel-windows-x86_64 | 2.0.1 | 27.00 | 186.00 | 213.00 | NOTE |
Version: 2.0.1
Check: package dependencies
Result: NOTE
Imports includes 21 non-default packages.
Importing from so many packages makes the package vulnerable to any of
them becoming unavailable. Move as many as possible to Suggests and
use conditionally.
Flavor: r-devel-linux-x86_64-fedora-clang
Version: 2.0.1
Check: installed package size
Result: NOTE
installed size is 9.4Mb
sub-directories of 1Mb or more:
doc 6.6Mb
ubinc 2.0Mb
Flavors: r-devel-linux-x86_64-fedora-clang, r-devel-windows-x86_64, r-release-macos-arm64, r-release-macos-x86_64, r-release-windows-x86_64, r-oldrel-macos-arm64, r-oldrel-windows-x86_64
Version: 2.0.0
Check: installed package size
Result: NOTE
installed size is 9.9Mb
sub-directories of 1Mb or more:
doc 7.1Mb
ubinc 2.0Mb
Flavor: r-oldrel-macos-x86_64