CRAN Package Check Results for Package twitterwidget

Last updated on 2024-02-24 16:48:37 CET.

Flavor Version Tinstall Tcheck Ttotal Status Flags
r-devel-linux-x86_64-debian-clang 0.1.1 3.16 28.20 31.36 NOTE
r-devel-linux-x86_64-debian-gcc 0.1.1 1.79 22.46 24.25 NOTE
r-devel-linux-x86_64-fedora-clang 0.1.1 39.10 NOTE
r-devel-linux-x86_64-fedora-gcc 0.1.1 37.27 NOTE
r-devel-windows-x86_64 0.1.1 3.00 49.00 52.00 NOTE
r-patched-linux-x86_64 0.1.1 2.49 27.69 30.18 NOTE
r-release-linux-x86_64 0.1.1 1.82 27.48 29.30 NOTE
r-release-macos-arm64 0.1.1 18.00 NOTE
r-release-macos-x86_64 0.1.1 23.00 NOTE
r-release-windows-x86_64 0.1.1 4.00 50.00 54.00 NOTE
r-oldrel-macos-arm64 0.1.1 19.00 NOTE
r-oldrel-windows-x86_64 0.1.1 5.00 54.00 59.00 NOTE

Check Details

Version: 0.1.1
Check: LazyData
Result: NOTE 'LazyData' is specified without a 'data' directory Flavors: r-devel-linux-x86_64-debian-clang, r-devel-linux-x86_64-debian-gcc, r-devel-linux-x86_64-fedora-clang, r-devel-linux-x86_64-fedora-gcc, r-devel-windows-x86_64, r-patched-linux-x86_64, r-release-linux-x86_64, r-release-macos-arm64, r-release-macos-x86_64, r-release-windows-x86_64, r-oldrel-macos-arm64, r-oldrel-windows-x86_64