CRAN Package Check Results for Package twangContinuous

Last updated on 2023-12-10 04:56:16 CET.

Flavor Version Tinstall Tcheck Ttotal Status Flags
r-devel-linux-x86_64-debian-clang 1.0.0 6.98 85.27 92.25 OK
r-devel-linux-x86_64-debian-gcc 1.0.0 6.87 63.96 70.83 OK
r-devel-linux-x86_64-fedora-clang 1.0.0 112.81 NOTE
r-devel-linux-x86_64-fedora-gcc 1.0.0 120.00 NOTE
r-devel-windows-x86_64 1.0.0 8.00 81.00 89.00 OK
r-patched-linux-x86_64 1.0.0 9.43 81.28 90.71 OK
r-release-linux-x86_64 1.0.0 7.04 80.96 88.00 OK
r-release-macos-arm64 1.0.0 50.00 OK
r-release-macos-x86_64 1.0.0 74.00 OK
r-release-windows-x86_64 1.0.0 9.00 93.00 102.00 OK
r-oldrel-macos-arm64 1.0.0 37.00 NOTE
r-oldrel-macos-x86_64 1.0.0 52.00 NOTE
r-oldrel-windows-x86_64 1.0.0 10.00 100.00 110.00 OK

Check Details

Version: 1.0.0
Check: dependencies in R code
Result: NOTE Namespace in Imports field not imported from: ‘Rcpp’ All declared Imports should be used. Flavors: r-devel-linux-x86_64-fedora-clang, r-devel-linux-x86_64-fedora-gcc, r-oldrel-macos-arm64, r-oldrel-macos-x86_64