Last updated on 2023-09-25 17:02:16 CEST.
Flavor | Version | Tinstall | Tcheck | Ttotal | Status | Flags |
---|---|---|---|---|---|---|
r-devel-linux-x86_64-debian-clang | 1.1.2 | 23.90 | 186.67 | 210.57 | OK | |
r-devel-linux-x86_64-debian-gcc | 1.1.2 | 20.44 | 136.34 | 156.78 | OK | |
r-devel-linux-x86_64-fedora-clang | 1.1.2 | 255.30 | NOTE | |||
r-devel-linux-x86_64-fedora-gcc | 1.1.2 | 246.94 | OK | |||
r-devel-windows-x86_64 | 1.1.2 | 24.00 | 149.00 | 173.00 | OK | |
r-patched-linux-x86_64 | 1.1.2 | 16.49 | 176.66 | 193.15 | OK | |
r-release-linux-x86_64 | 1.1.2 | 17.12 | 176.74 | 193.86 | OK | |
r-release-macos-arm64 | 1.1.2 | 73.00 | OK | |||
r-release-macos-x86_64 | 1.1.2 | 148.00 | OK | |||
r-release-windows-x86_64 | 1.1.2 | 31.00 | 182.00 | 213.00 | OK | |
r-oldrel-macos-arm64 | 1.1.2 | 68.00 | OK | |||
r-oldrel-macos-x86_64 | 1.1.2 | 96.00 | OK | |||
r-oldrel-windows-x86_64 | 1.1.2 | 31.00 | 179.00 | 210.00 | OK |
Version: 1.1.2
Check: package dependencies
Result: NOTE
Imports includes 22 non-default packages.
Importing from so many packages makes the package vulnerable to any of
them becoming unavailable. Move as many as possible to Suggests and
use conditionally.
Flavor: r-devel-linux-x86_64-fedora-clang