CRAN Package Check Results for Package tsxtreme

Last updated on 2024-02-23 16:53:33 CET.

Flavor Version Tinstall Tcheck Ttotal Status Flags
r-devel-linux-x86_64-debian-clang 0.3.3 NOTE
r-devel-linux-x86_64-debian-gcc 0.3.3 9.07 30.64 39.71 NOTE
r-devel-linux-x86_64-fedora-clang 0.3.3 65.90 NOTE
r-devel-linux-x86_64-fedora-gcc 0.3.3 63.07 NOTE
r-devel-windows-x86_64 0.3.3 11.00 61.00 72.00 NOTE
r-patched-linux-x86_64 0.3.3 10.25 37.70 47.95 NOTE
r-release-linux-x86_64 0.3.3 10.34 38.24 48.58 NOTE
r-release-macos-arm64 0.3.3 23.00 NOTE
r-release-macos-x86_64 0.3.3 33.00 NOTE
r-release-windows-x86_64 0.3.3 10.00 60.00 70.00 NOTE
r-oldrel-macos-arm64 0.3.3 22.00 OK
r-oldrel-windows-x86_64 0.3.3 13.00 62.00 75.00 OK

Check Details

Version: 0.3.3
Check: package subdirectories
Result: NOTE Problems with news in ‘NEWS.md’: No news entries found. Flavors: r-devel-linux-x86_64-debian-clang, r-devel-linux-x86_64-debian-gcc, r-devel-linux-x86_64-fedora-clang, r-devel-linux-x86_64-fedora-gcc, r-devel-windows-x86_64, r-patched-linux-x86_64, r-release-linux-x86_64, r-release-macos-arm64, r-release-macos-x86_64, r-release-windows-x86_64