CRAN Package Check Results for Package tspmeta

Last updated on 2024-02-29 15:54:02 CET.

Flavor Version Tinstall Tcheck Ttotal Status Flags
r-devel-linux-x86_64-debian-clang 1.2 18.70 147.67 166.37 NOTE
r-devel-linux-x86_64-debian-gcc 1.2 12.48 112.59 125.07 NOTE
r-devel-linux-x86_64-fedora-clang 1.2 203.28 NOTE
r-devel-linux-x86_64-fedora-gcc 1.2 194.07 NOTE
r-devel-windows-x86_64 1.2 18.00 122.00 140.00 NOTE
r-patched-linux-x86_64 1.2 19.56 143.24 162.80 NOTE
r-release-linux-x86_64 1.2 18.27 144.17 162.44 NOTE
r-release-macos-arm64 1.2 59.00 NOTE
r-release-macos-x86_64 1.2 100.00 NOTE
r-release-windows-x86_64 1.2 24.00 155.00 179.00 NOTE
r-oldrel-macos-arm64 1.2 52.00 NOTE
r-oldrel-windows-x86_64 1.2 24.00 142.00 166.00 NOTE

Check Details

Version: 1.2
Check: LazyData
Result: NOTE 'LazyData' is specified without a 'data' directory Flavors: r-devel-linux-x86_64-debian-clang, r-devel-linux-x86_64-debian-gcc, r-devel-linux-x86_64-fedora-clang, r-devel-linux-x86_64-fedora-gcc, r-devel-windows-x86_64, r-patched-linux-x86_64, r-release-linux-x86_64, r-release-macos-arm64, r-release-macos-x86_64, r-release-windows-x86_64, r-oldrel-macos-arm64, r-oldrel-windows-x86_64

Version: 1.2
Check: compiled code
Result: NOTE File ‘tspmeta/libs/tspmeta.so’: Found no calls to: ‘R_registerRoutines’, ‘R_useDynamicSymbols’ It is good practice to register native routines and to disable symbol search. See ‘Writing portable packages’ in the ‘Writing R Extensions’ manual. Flavors: r-devel-linux-x86_64-fedora-clang, r-devel-linux-x86_64-fedora-gcc