CRAN Package Check Results for Package tsfeatures

Last updated on 2020-08-14 03:48:02 CEST.

Flavor Version Tinstall Tcheck Ttotal Status Flags
r-devel-linux-x86_64-debian-clang 1.0.2 7.24 78.61 85.85 WARN
r-devel-linux-x86_64-debian-gcc 1.0.2 5.78 69.09 74.87 OK
r-devel-linux-x86_64-fedora-clang 1.0.2 121.69 OK
r-devel-linux-x86_64-fedora-gcc 1.0.2 111.98 OK
r-devel-windows-ix86+x86_64 1.0.2 26.00 150.00 176.00 OK
r-patched-linux-x86_64 1.0.2 6.96 88.47 95.43 OK
r-patched-solaris-x86 1.0.2 167.20 OK
r-release-linux-x86_64 1.0.2 7.36 88.17 95.53 OK
r-release-macos-x86_64 1.0.2 OK
r-release-windows-ix86+x86_64 1.0.2 28.00 98.00 126.00 OK
r-oldrel-macos-x86_64 1.0.2 OK
r-oldrel-windows-ix86+x86_64 1.0.2 14.00 108.00 122.00 OK

Check Details

Version: 1.0.2
Check: package dependencies
Result: NOTE
    Package suggested but not available for checking: 'tidyr'
Flavor: r-devel-linux-x86_64-debian-clang

Version: 1.0.2
Check: re-building of vignette outputs
Result: WARN
    Error(s) in re-building vignettes:
     ...
    --- re-building 'tsfeatures.Rmd' using rmarkdown
    
    Attaching package: 'dplyr'
    
    The following objects are masked from 'package:stats':
    
     filter, lag
    
    The following objects are masked from 'package:base':
    
     intersect, setdiff, setequal, union
    
    trying URL 'https://github.com/robjhyndman/tsfeatures/raw/master/extra-data/yahoo.rda'
    Content type 'application/octet-stream' length 7897660 bytes (7.5 MB)
    ==================================================
    downloaded 7.5 MB
    
    trying URL 'https://github.com/robjhyndman/tsfeatures/raw/master/extra-data/hwl.rda'
    Content type 'application/octet-stream' length 185319 bytes (180 KB)
    ==================================================
    downloaded 180 KB
    
    Quitting from lines 433-448 (tsfeatures.Rmd)
    Error: processing vignette 'tsfeatures.Rmd' failed with diagnostics:
    there is no package called 'tidyr'
    --- failed re-building 'tsfeatures.Rmd'
    
    SUMMARY: processing the following file failed:
     'tsfeatures.Rmd'
    
    Error: Vignette re-building failed.
    Execution halted
Flavor: r-devel-linux-x86_64-debian-clang