CRAN Package Check Results for Package tsDyn

Last updated on 2020-08-04 03:48:08 CEST.

Flavor Version Tinstall Tcheck Ttotal Status Flags
r-devel-linux-x86_64-debian-clang 10-1.2 23.99 178.45 202.44 OK
r-devel-linux-x86_64-debian-gcc 10-1.2 19.80 132.86 152.66 OK
r-devel-linux-x86_64-fedora-clang 10-1.2 245.60 NOTE
r-devel-linux-x86_64-fedora-gcc 10-1.2 235.26 OK
r-devel-windows-ix86+x86_64 10-1.2 64.00 237.00 301.00 OK
r-patched-linux-x86_64 10-1.2 21.88 175.12 197.00 OK
r-patched-solaris-x86 10-1.2 338.50 OK
r-release-linux-x86_64 10-1.2 24.11 175.51 199.62 OK
r-release-macos-x86_64 10-1.2 OK
r-release-windows-ix86+x86_64 10-1.2 77.00 328.00 405.00 OK
r-oldrel-macos-x86_64 10-1.2 NOTE
r-oldrel-windows-ix86+x86_64 10-1.2 41.00 320.00 361.00 OK

Check Details

Version: 10-1.2
Check: Rd cross-references
Result: NOTE
    Undeclared package ‘rugarch’ in Rd xrefs
Flavor: r-devel-linux-x86_64-fedora-clang

Version: 10-1.2
Check: dependencies in R code
Result: NOTE
    No protocol specified
    No protocol specified
    No protocol specified
Flavor: r-oldrel-macos-x86_64