CRAN Package Check Results for Package truelies

Last updated on 2024-02-23 05:07:35 CET.

Flavor Version Tinstall Tcheck Ttotal Status Flags
r-devel-linux-x86_64-debian-clang 0.2.0 NOTE
r-devel-linux-x86_64-debian-gcc 0.2.0 1.89 22.02 23.91 NOTE
r-devel-linux-x86_64-fedora-clang 0.2.0 38.08 NOTE
r-devel-linux-x86_64-fedora-gcc 0.2.0 36.61 NOTE
r-devel-windows-x86_64 0.2.0 3.00 45.00 48.00 NOTE
r-patched-linux-x86_64 0.2.0 2.79 28.10 30.89 NOTE
r-release-linux-x86_64 0.2.0 1.82 27.55 29.37 NOTE
r-release-macos-arm64 0.2.0 19.00 NOTE
r-release-macos-x86_64 0.2.0 22.00 NOTE
r-release-windows-x86_64 0.2.0 4.00 49.00 53.00 NOTE
r-oldrel-macos-arm64 0.2.0 17.00 NOTE
r-oldrel-windows-x86_64 0.2.0 4.00 49.00 53.00 NOTE

Check Details

Version: 0.2.0
Check: LazyData
Result: NOTE 'LazyData' is specified without a 'data' directory Flavors: r-devel-linux-x86_64-debian-clang, r-devel-linux-x86_64-debian-gcc, r-devel-linux-x86_64-fedora-clang, r-devel-linux-x86_64-fedora-gcc, r-devel-windows-x86_64, r-patched-linux-x86_64, r-release-linux-x86_64, r-release-macos-arm64, r-release-macos-x86_64, r-release-windows-x86_64, r-oldrel-macos-arm64, r-oldrel-windows-x86_64