Last updated on 2023-12-07 04:56:40 CET.
Flavor | Version | Tinstall | Tcheck | Ttotal | Status | Flags |
---|---|---|---|---|---|---|
r-devel-linux-x86_64-debian-clang | 1.3.0 | 12.98 | 127.17 | 140.15 | NOTE | |
r-devel-linux-x86_64-debian-gcc | 1.3.0 | 8.42 | 95.00 | 103.42 | NOTE | |
r-devel-linux-x86_64-fedora-clang | 1.3.0 | 174.50 | NOTE | |||
r-devel-linux-x86_64-fedora-gcc | 1.3.0 | 165.06 | NOTE | |||
r-devel-windows-x86_64 | 1.3.0 | 10.00 | 107.00 | 117.00 | NOTE | |
r-patched-linux-x86_64 | 1.3.0 | 12.56 | 121.59 | 134.15 | NOTE | |
r-release-linux-x86_64 | 1.3.0 | 6.97 | 120.81 | 127.78 | NOTE | |
r-release-macos-arm64 | 1.3.0 | 52.00 | NOTE | |||
r-release-macos-x86_64 | 1.3.0 | 88.00 | NOTE | |||
r-release-windows-x86_64 | 1.3.0 | 14.00 | 134.00 | 148.00 | NOTE | |
r-oldrel-macos-arm64 | 1.3.0 | 46.00 | NOTE | |||
r-oldrel-macos-x86_64 | 1.3.0 | 86.00 | NOTE | |||
r-oldrel-windows-x86_64 | 1.3.0 | 14.00 | 135.00 | 149.00 | NOTE |
Version: 1.3.0
Check: LazyData
Result: NOTE
'LazyData' is specified without a 'data' directory
Flavors: r-devel-linux-x86_64-debian-clang, r-devel-linux-x86_64-debian-gcc, r-devel-linux-x86_64-fedora-clang, r-devel-linux-x86_64-fedora-gcc, r-devel-windows-x86_64, r-patched-linux-x86_64, r-release-linux-x86_64, r-release-macos-arm64, r-release-macos-x86_64, r-release-windows-x86_64, r-oldrel-macos-arm64, r-oldrel-macos-x86_64, r-oldrel-windows-x86_64