CRAN Package Check Results for Package triact

Last updated on 2024-02-23 16:53:33 CET.

Flavor Version Tinstall Tcheck Ttotal Status Flags
r-devel-linux-x86_64-debian-clang 0.3.0 OK
r-devel-linux-x86_64-debian-gcc 0.3.0 6.29 52.50 58.79 OK
r-devel-linux-x86_64-fedora-clang 0.3.0 93.65 NOTE
r-devel-linux-x86_64-fedora-gcc 0.3.0 99.48 OK
r-devel-windows-x86_64 0.3.0 7.00 87.00 94.00 NOTE
r-patched-linux-x86_64 0.3.0 11.09 67.19 78.28 OK
r-release-linux-x86_64 0.3.0 9.24 66.18 75.42 OK
r-release-macos-arm64 0.3.0 44.00 NOTE
r-release-macos-x86_64 0.3.0 113.00 NOTE
r-release-windows-x86_64 0.3.0 10.00 101.00 111.00 NOTE
r-oldrel-macos-arm64 0.3.0 43.00 NOTE
r-oldrel-windows-x86_64 0.3.0 10.00 98.00 108.00 NOTE

Check Details

Version: 0.3.0
Check: installed package size
Result: NOTE installed size is 17.6Mb sub-directories of 1Mb or more: data 1.2Mb doc 1.3Mb extdata 14.8Mb Flavors: r-devel-linux-x86_64-fedora-clang, r-devel-windows-x86_64, r-release-macos-arm64, r-release-macos-x86_64, r-release-windows-x86_64, r-oldrel-macos-arm64, r-oldrel-windows-x86_64