CRAN Package Check Results for Package treestructure

Last updated on 2020-08-15 03:48:22 CEST.

Flavor Version Tinstall Tcheck Ttotal Status Flags
r-devel-linux-x86_64-debian-clang 0.1.0 17.32 47.69 65.01 OK
r-devel-linux-x86_64-debian-gcc 0.1.0 14.86 35.99 50.85 OK
r-devel-linux-x86_64-fedora-clang 0.1.0 93.21 OK
r-devel-linux-x86_64-fedora-gcc 0.1.0 89.19 OK
r-devel-windows-ix86+x86_64 0.1.0 50.00 103.00 153.00 OK
r-patched-linux-x86_64 0.1.0 14.23 44.62 58.85 OK
r-patched-solaris-x86 0.1.0 110.30 OK
r-release-linux-x86_64 0.1.0 13.79 44.55 58.34 OK
r-release-macos-x86_64 0.1.0 WARN
r-release-windows-ix86+x86_64 0.1.0 51.00 79.00 130.00 OK
r-oldrel-macos-x86_64 0.1.0 OK
r-oldrel-windows-ix86+x86_64 0.1.0 34.00 76.00 110.00 OK

Check Details

Version: 0.1.0
Check: package dependencies
Result: NOTE
    Package suggested but not available for checking: ‘ggtree’
Flavor: r-release-macos-x86_64

Version: 0.1.0
Check: re-building of vignette outputs
Result: WARN
    Error(s) in re-building vignettes:
     ...
    --- re-building ‘structuredCoalescent.Rmd’ using rmarkdown
    Warning in engine$weave(file, quiet = quiet, encoding = enc) :
     Pandoc (>= 1.12.3) and/or pandoc-citeproc not available. Falling back to R Markdown v1.
    Quitting from lines 64-65 (structuredCoalescent.Rmd)
    Error: processing vignette 'structuredCoalescent.Rmd' failed with diagnostics:
    "ggtree" %in% utils::installed.packages()[, 1] is not TRUE
    --- failed re-building ‘structuredCoalescent.Rmd’
    
    SUMMARY: processing the following file failed:
     ‘structuredCoalescent.Rmd’
    
    Error: Vignette re-building failed.
    Execution halted
Flavor: r-release-macos-x86_64