CRAN Package Check Results for Package transmdl

Last updated on 2024-03-02 16:55:00 CET.

Flavor Version Tinstall Tcheck Ttotal Status Flags
r-devel-linux-x86_64-debian-clang 0.1.0 55.37 38.92 94.29 OK
r-devel-linux-x86_64-debian-gcc 0.1.0 43.95 30.60 74.55 OK
r-devel-linux-x86_64-fedora-clang 0.1.0 134.19 OK
r-devel-linux-x86_64-fedora-gcc 0.1.0 131.34 OK
r-devel-windows-x86_64 0.1.0 43.00 65.00 108.00 OK
r-patched-linux-x86_64 0.1.0 51.97 38.92 90.89 OK
r-release-linux-x86_64 0.1.0 56.58 38.98 95.56 OK
r-release-macos-arm64 0.1.0 39.00 NOTE
r-release-macos-x86_64 0.1.0 57.00 NOTE
r-release-windows-x86_64 0.1.0 58.00 78.00 136.00 OK
r-oldrel-macos-arm64 0.1.0 36.00 NOTE
r-oldrel-windows-x86_64 0.1.0 53.00 80.00 133.00 OK

Check Details

Version: 0.1.0
Check: installed package size
Result: NOTE installed size is 8.4Mb sub-directories of 1Mb or more: libs 8.2Mb Flavors: r-release-macos-arm64, r-release-macos-x86_64, r-oldrel-macos-arm64