CRAN Package Check Results for Package translate

Last updated on 2020-07-02 15:54:14 CEST.

Flavor Version Tinstall Tcheck Ttotal Status Flags
r-devel-linux-x86_64-debian-clang 0.1.2 2.73 29.19 31.92 NOTE
r-devel-linux-x86_64-debian-gcc 0.1.2 2.29 23.32 25.61 NOTE
r-devel-linux-x86_64-fedora-clang 0.1.2 48.04 NOTE
r-devel-linux-x86_64-fedora-gcc 0.1.2 40.43 NOTE
r-devel-windows-ix86+x86_64 0.1.2 8.00 46.00 54.00 NOTE
r-patched-linux-x86_64 0.1.2 2.58 29.01 31.59 NOTE
r-patched-solaris-x86 0.1.2 61.80 NOTE
r-release-linux-x86_64 0.1.2 2.84 29.23 32.07 NOTE
r-release-osx-x86_64 0.1.2 NOTE
r-release-windows-ix86+x86_64 0.1.2 7.00 65.00 72.00 NOTE
r-oldrel-osx-x86_64 0.1.2 NOTE
r-oldrel-windows-ix86+x86_64 0.1.2 5.00 46.00 51.00 NOTE

Check Details

Version: 0.1.2
Check: DESCRIPTION meta-information
Result: NOTE
    Malformed Description field: should contain one or more complete sentences.
Flavors: r-devel-linux-x86_64-debian-clang, r-devel-linux-x86_64-debian-gcc, r-devel-linux-x86_64-fedora-clang, r-devel-linux-x86_64-fedora-gcc, r-devel-windows-ix86+x86_64, r-patched-linux-x86_64, r-patched-solaris-x86, r-release-linux-x86_64, r-release-osx-x86_64, r-release-windows-ix86+x86_64, r-oldrel-osx-x86_64, r-oldrel-windows-ix86+x86_64