CRAN Package Check Results for Package tranSurv

Last updated on 2024-02-25 04:51:21 CET.

Flavor Version Tinstall Tcheck Ttotal Status Flags
r-devel-linux-x86_64-debian-clang 1.2.2 13.10 91.26 104.36 NOTE
r-devel-linux-x86_64-debian-gcc 1.2.2 8.22 69.74 77.96 NOTE
r-devel-linux-x86_64-fedora-clang 1.2.2 126.75 NOTE
r-devel-linux-x86_64-fedora-gcc 1.2.2 123.37 NOTE
r-devel-windows-x86_64 1.2.2 13.00 86.00 99.00 NOTE
r-patched-linux-x86_64 1.2.2 11.82 90.81 102.63 NOTE
r-release-linux-x86_64 1.2.2 11.40 90.60 102.00 NOTE
r-release-macos-arm64 1.2.2 43.00 NOTE
r-release-macos-x86_64 1.2.2 70.00 NOTE
r-release-windows-x86_64 1.2.2 16.00 99.00 115.00 NOTE
r-oldrel-macos-arm64 1.2.2 37.00 NOTE
r-oldrel-windows-x86_64 1.2.2 16.00 102.00 118.00 NOTE

Check Details

Version: 1.2.2
Check: LazyData
Result: NOTE 'LazyData' is specified without a 'data' directory Flavors: r-devel-linux-x86_64-debian-clang, r-devel-linux-x86_64-debian-gcc, r-devel-linux-x86_64-fedora-clang, r-devel-linux-x86_64-fedora-gcc, r-devel-windows-x86_64, r-patched-linux-x86_64, r-release-linux-x86_64, r-release-macos-arm64, r-release-macos-x86_64, r-release-windows-x86_64, r-oldrel-macos-arm64, r-oldrel-windows-x86_64