CRAN Package Check Results for Package track2KBA

Last updated on 2024-06-13 04:52:43 CEST.

Flavor Version Tinstall Tcheck Ttotal Status Flags
r-devel-linux-x86_64-debian-clang 1.1.1 36.81 453.85 490.66 OK
r-devel-linux-x86_64-debian-gcc 1.1.1 0.54 1.91 2.45 ERROR
r-devel-linux-x86_64-fedora-clang 1.1.1 606.71 OK
r-devel-linux-x86_64-fedora-gcc 1.1.1 590.43 OK
r-devel-windows-x86_64 1.1.1 33.00 281.00 314.00 OK
r-patched-linux-x86_64 1.1.1 44.69 431.54 476.23 OK
r-release-linux-x86_64 1.1.1 27.79 427.31 455.10 OK
r-release-macos-arm64 1.1.1 151.00 OK
r-release-macos-x86_64 1.1.1 253.00 OK
r-release-windows-x86_64 1.1.1 31.00 296.00 327.00 OK
r-oldrel-macos-arm64 1.1.1 151.00 OK
r-oldrel-macos-x86_64 1.1.1 376.00 OK
r-oldrel-windows-x86_64 1.1.1 44.00 375.00 419.00 OK

Check Details

Version: 1.1.1
Check: package dependencies
Result: ERROR Packages required but not available: 'dplyr', 'ggplot2', 'lubridate', 'purrr', 'tidyr' See section ‘The DESCRIPTION file’ in the ‘Writing R Extensions’ manual. Flavor: r-devel-linux-x86_64-debian-gcc