CRAN Package Check Results for Package tolerance

Last updated on 2020-08-13 03:48:29 CEST.

Flavor Version Tinstall Tcheck Ttotal Status Flags
r-devel-linux-x86_64-debian-clang 2.0.0 11.17 97.96 109.13 OK
r-devel-linux-x86_64-debian-gcc 2.0.0 10.54 72.55 83.09 OK
r-devel-linux-x86_64-fedora-clang 2.0.0 135.47 OK
r-devel-linux-x86_64-fedora-gcc 2.0.0 126.69 OK
r-devel-windows-ix86+x86_64 2.0.0 19.00 144.00 163.00 OK
r-patched-linux-x86_64 2.0.0 11.30 95.85 107.15 OK
r-patched-solaris-x86 2.0.0 166.70 OK
r-release-linux-x86_64 2.0.0 12.21 96.29 108.50 OK
r-release-macos-x86_64 2.0.0 OK
r-release-windows-ix86+x86_64 2.0.0 26.00 100.00 126.00 OK
r-oldrel-macos-x86_64 2.0.0 WARN
r-oldrel-windows-ix86+x86_64 2.0.0 18.00 134.00 152.00 OK

Check Details

Version: 2.0.0
Check: whether package can be installed
Result: WARN
    Found the following significant warnings:
     Warning: 'rgl_init' failed, running with rgl.useNULL = TRUE
Flavor: r-oldrel-macos-x86_64

Version: 2.0.0
Check: dependencies in R code
Result: NOTE
    No protocol specified
Flavor: r-oldrel-macos-x86_64

Version: 2.0.0
Check: S3 generic/method consistency
Result: WARN
    No protocol specified
    See section ‘Generic functions and methods’ in the ‘Writing R
    Extensions’ manual.
Flavor: r-oldrel-macos-x86_64

Version: 2.0.0
Check: replacement functions
Result: WARN
    No protocol specified
    The argument of a replacement function which corresponds to the right
    hand side must be named ‘value’.
Flavor: r-oldrel-macos-x86_64

Version: 2.0.0
Check: foreign function calls
Result: NOTE
    No protocol specified
    See chapter ‘System and foreign language interfaces’ in the ‘Writing R
    Extensions’ manual.
Flavor: r-oldrel-macos-x86_64

Version: 2.0.0
Check: R code for possible problems
Result: NOTE
    No protocol specified
Flavor: r-oldrel-macos-x86_64

Version: 2.0.0
Check: for missing documentation entries
Result: WARN
    No protocol specified
    All user-level objects in a package should have documentation entries.
    See chapter ‘Writing R documentation files’ in the ‘Writing R
    Extensions’ manual.
Flavor: r-oldrel-macos-x86_64

Version: 2.0.0
Check: for code/documentation mismatches
Result: WARN
    No protocol specified
    No protocol specified
    No protocol specified
Flavor: r-oldrel-macos-x86_64

Version: 2.0.0
Check: Rd \usage sections
Result: NOTE
    No protocol specified
    The \usage entries for S3 methods should use the \method markup and not
    their full name.
    See chapter ‘Writing R documentation files’ in the ‘Writing R
    Extensions’ manual.
Flavor: r-oldrel-macos-x86_64