Last updated on 2023-12-01 04:54:13 CET.
Flavor | Version | Tinstall | Tcheck | Ttotal | Status | Flags |
---|---|---|---|---|---|---|
r-devel-linux-x86_64-debian-clang | 0.0.18 | 315.42 | 127.37 | 442.79 | NOTE | |
r-devel-linux-x86_64-debian-gcc | 0.0.18 | 236.07 | 156.14 | 392.21 | NOTE | |
r-devel-linux-x86_64-fedora-clang | 0.0.18 | 649.33 | NOTE | |||
r-devel-linux-x86_64-fedora-gcc | 0.0.18 | 768.35 | NOTE | |||
r-devel-windows-x86_64 | 0.0.18 | 193.00 | 189.00 | 382.00 | NOTE | |
r-patched-linux-x86_64 | 0.0.18 | 288.26 | 198.96 | 487.22 | NOTE | |
r-release-linux-x86_64 | 0.0.18 | 252.25 | 123.88 | 376.13 | NOTE | |
r-release-macos-arm64 | 0.0.18 | 173.00 | NOTE | |||
r-release-macos-x86_64 | 0.0.18 | 295.00 | NOTE | |||
r-release-windows-x86_64 | 0.0.18 | 280.00 | 232.00 | 512.00 | NOTE | |
r-oldrel-macos-arm64 | 0.0.18 | 192.00 | NOTE | |||
r-oldrel-macos-x86_64 | 0.0.18 | 316.00 | NOTE | |||
r-oldrel-windows-x86_64 | 0.0.18 | 268.00 | 224.00 | 492.00 | NOTE |
Version: 0.0.18
Check: for GNU extensions in Makefiles
Result: NOTE
GNU make is a SystemRequirements.
Flavors: r-devel-linux-x86_64-debian-clang, r-devel-linux-x86_64-debian-gcc, r-devel-linux-x86_64-fedora-clang, r-devel-linux-x86_64-fedora-gcc, r-devel-windows-x86_64, r-patched-linux-x86_64, r-release-linux-x86_64, r-release-macos-arm64, r-release-macos-x86_64, r-release-windows-x86_64, r-oldrel-macos-arm64, r-oldrel-macos-x86_64, r-oldrel-windows-x86_64
Version: 0.0.18
Check: installed package size
Result: NOTE
installed size is 7.3Mb
sub-directories of 1Mb or more:
doc 1.9Mb
libs 3.4Mb
Flavors: r-devel-linux-x86_64-fedora-clang, r-devel-windows-x86_64, r-release-macos-arm64, r-release-macos-x86_64, r-release-windows-x86_64, r-oldrel-macos-arm64, r-oldrel-macos-x86_64, r-oldrel-windows-x86_64
Version: 0.0.18
Check: dependencies in R code
Result: NOTE
Namespace in Imports field not imported from: ‘sp’
All declared Imports should be used.
Flavors: r-devel-linux-x86_64-fedora-clang, r-devel-linux-x86_64-fedora-gcc
Version: 0.0.18
Check: data for non-ASCII characters
Result: NOTE
Note: found 1 marked UTF-8 string
Flavors: r-devel-linux-x86_64-fedora-clang, r-devel-linux-x86_64-fedora-gcc