CRAN Package Check Results for Package tip

Last updated on 2024-03-04 16:49:10 CET.

Flavor Version Tinstall Tcheck Ttotal Status Flags
r-devel-linux-x86_64-debian-clang 0.1.0 6.18 167.70 173.88 NOTE
r-devel-linux-x86_64-debian-gcc 0.1.0 5.64 128.37 134.01 NOTE
r-devel-linux-x86_64-fedora-clang 0.1.0 222.84 NOTE
r-devel-linux-x86_64-fedora-gcc 0.1.0 279.54 NOTE
r-devel-windows-x86_64 0.1.0 8.00 140.00 148.00 NOTE
r-patched-linux-x86_64 0.1.0 7.40 125.61 133.01 OK
r-release-linux-x86_64 0.1.0 6.41 163.74 170.15 OK
r-release-macos-arm64 0.1.0 89.00 OK
r-release-macos-x86_64 0.1.0 139.00 OK
r-release-windows-x86_64 0.1.0 9.00 171.00 180.00 OK
r-oldrel-macos-arm64 0.1.0 91.00 OK
r-oldrel-windows-x86_64 0.1.0 11.00 184.00 195.00 OK

Check Details

Version: 0.1.0
Check: Rd files
Result: NOTE checkRd: (-1) partition_undirected_graph.Rd:20: Lost braces; missing escapes or markup? 20 | \item{cutoff}{Numeric. The value max(0, g_{i,j} - cutoff) so that there are <\code{.num_components}> components in the graph.} | ^ Flavors: r-devel-linux-x86_64-debian-clang, r-devel-linux-x86_64-debian-gcc, r-devel-linux-x86_64-fedora-clang, r-devel-linux-x86_64-fedora-gcc, r-devel-windows-x86_64