CRAN Package Check Results for Package timetk

Last updated on 2020-08-06 04:48:23 CEST.

Flavor Version Tinstall Tcheck Ttotal Status Flags
r-devel-linux-x86_64-debian-clang 2.2.0 19.45 311.02 330.47 OK
r-devel-linux-x86_64-debian-gcc 2.2.0 17.28 226.27 243.55 OK
r-devel-linux-x86_64-fedora-clang 2.2.0 395.62 NOTE
r-devel-linux-x86_64-fedora-gcc 2.2.0 371.38 NOTE
r-devel-windows-ix86+x86_64 2.2.0 52.00 371.00 423.00 OK
r-patched-linux-x86_64 2.2.0 17.96 294.33 312.29 OK
r-patched-solaris-x86 2.2.0 460.60 NOTE
r-release-linux-x86_64 2.2.0 17.96 291.46 309.42 NOTE
r-release-macos-x86_64 2.2.0 NOTE
r-release-windows-ix86+x86_64 2.2.0 53.00 305.00 358.00 OK
r-oldrel-macos-x86_64 2.2.0 NOTE
r-oldrel-windows-ix86+x86_64 2.2.0 31.00 282.00 313.00 OK

Check Details

Version: 2.2.0
Check: package dependencies
Result: NOTE
    Imports includes 25 non-default packages.
    Importing from so many packages makes the package vulnerable to any of
    them becoming unavailable. Move as many as possible to Suggests and
    use conditionally.
Flavor: r-devel-linux-x86_64-fedora-clang

Version: 2.2.0
Check: data for non-ASCII characters
Result: NOTE
     Note: found 2750 marked UTF-8 strings
Flavors: r-devel-linux-x86_64-fedora-clang, r-devel-linux-x86_64-fedora-gcc, r-patched-solaris-x86, r-release-macos-x86_64, r-oldrel-macos-x86_64

Version: 2.2.0
Check: package dependencies
Result: NOTE
    Package suggested but not available for checking: ‘modeltime’
Flavor: r-release-linux-x86_64