Last updated on 2023-12-06 03:50:16 CET.
Flavor | Version | Tinstall | Tcheck | Ttotal | Status | Flags |
---|---|---|---|---|---|---|
r-devel-linux-x86_64-debian-clang | 1.0.0-1.1.2 | 7.36 | 77.61 | 84.97 | NOTE | |
r-devel-linux-x86_64-debian-gcc | 1.0.0-1.1.2 | 5.88 | 58.41 | 64.29 | NOTE | |
r-devel-linux-x86_64-fedora-clang | 1.0.0-1.1.2 | 106.80 | OK | |||
r-devel-linux-x86_64-fedora-gcc | 1.0.0-1.1.2 | 109.68 | OK | |||
r-devel-windows-x86_64 | 1.0.0-1.1.2 | 9.00 | 99.00 | 108.00 | OK | |
r-patched-linux-x86_64 | 1.0.0-1.1.2 | 10.00 | 74.42 | 84.42 | OK | |
r-release-linux-x86_64 | 1.0.0-1.1.2 | 6.98 | 74.03 | 81.01 | OK | |
r-release-macos-arm64 | 1.0.0-1.1.2 | 48.00 | OK | |||
r-release-macos-x86_64 | 1.0.0-1.1.2 | 68.00 | OK | |||
r-release-windows-x86_64 | 1.0.0-1.1.2 | 10.00 | 99.00 | 109.00 | OK | |
r-oldrel-macos-arm64 | 1.0.0-1.1.2 | 35.00 | OK | |||
r-oldrel-macos-x86_64 | 1.0.0-1.1.2 | 46.00 | OK | |||
r-oldrel-windows-x86_64 | 1.0.0-1.1.2 | 10.00 | 88.00 | 98.00 | OK |
Version: 1.0.0-1.1.2
Check: Rd files
Result: NOTE
checkRd: (-1) setup_sql_functions.Rd:5: Lost braces; missing escapes or markup?
5 | \title{Install {timeseriesdb} System Functions}
| ^
checkRd: (-1) setup_sql_functions.Rd:17: Lost braces; missing escapes or markup?
17 | Installs functions needed to operated {timeseriesdb} in
| ^
checkRd: (-1) setup_sql_grant_rights.Rd:5: Lost braces; missing escapes or markup?
5 | \title{Grant execute on {timeseriesdb} functions}
| ^
checkRd: (-1) setup_sql_grant_rights.Rd:17: Lost braces; missing escapes or markup?
17 | Grant execute on {timeseriesdb} functions
| ^
checkRd: (-1) setup_sql_tables.Rd:5: Lost braces; missing escapes or markup?
5 | \title{Install {timeseriesdb} System Tables}
| ^
checkRd: (-1) setup_sql_tables.Rd:17: Lost braces; missing escapes or markup?
17 | Installs tables needed to operated {timeseriesdb} in
| ^
checkRd: (-1) setup_sql_triggers.Rd:5: Lost braces; missing escapes or markup?
5 | \title{Install {timeseriesdb} Triggers}
| ^
Flavors: r-devel-linux-x86_64-debian-clang, r-devel-linux-x86_64-debian-gcc