Last updated on 2023-11-28 16:48:36 CET.
Flavor | Version | Tinstall | Tcheck | Ttotal | Status | Flags |
---|---|---|---|---|---|---|
r-devel-linux-x86_64-debian-clang | 1.0.9 | 190.71 | 63.40 | 254.11 | OK | |
r-devel-linux-x86_64-debian-gcc | 1.0.9 | 135.09 | 47.58 | 182.67 | OK | |
r-devel-linux-x86_64-fedora-clang | 1.0.9 | 398.33 | OK | |||
r-devel-linux-x86_64-fedora-gcc | 1.0.9 | 399.53 | OK | |||
r-devel-windows-x86_64 | 1.0.9 | 151.00 | 100.00 | 251.00 | OK | |
r-patched-linux-x86_64 | 1.0.9 | 162.27 | 61.61 | 223.88 | OK | |
r-release-linux-x86_64 | 1.0.9 | 161.92 | 62.36 | 224.28 | OK | |
r-release-macos-arm64 | 1.0.9 | 99.00 | NOTE | |||
r-release-macos-x86_64 | 1.0.9 | 160.00 | NOTE | |||
r-release-windows-x86_64 | 1.0.9 | 201.00 | 106.00 | 307.00 | OK | |
r-oldrel-macos-arm64 | 1.0.9 | 85.00 | NOTE | |||
r-oldrel-macos-x86_64 | 1.0.8 | 110.00 | NOTE | |||
r-oldrel-windows-x86_64 | 1.0.9 | 180.00 | 105.00 | 285.00 | OK |
Version: 1.0.9
Check: installed package size
Result: NOTE
installed size is 9.6Mb
sub-directories of 1Mb or more:
libs 8.6Mb
Flavors: r-release-macos-arm64, r-release-macos-x86_64, r-oldrel-macos-arm64
Version: 1.0.8
Check: installed package size
Result: NOTE
installed size is 9.9Mb
sub-directories of 1Mb or more:
libs 8.9Mb
Flavor: r-oldrel-macos-x86_64