Last updated on 2023-11-29 16:52:06 CET.
Flavor | Version | Tinstall | Tcheck | Ttotal | Status | Flags |
---|---|---|---|---|---|---|
r-devel-linux-x86_64-debian-clang | 2.0.0 | 6.78 | 57.67 | 64.45 | OK | |
r-devel-linux-x86_64-debian-gcc | 2.0.0 | 5.59 | 42.96 | 48.55 | OK | |
r-devel-linux-x86_64-fedora-clang | 2.0.0 | 81.87 | NOTE | |||
r-devel-linux-x86_64-fedora-gcc | 2.0.0 | 86.76 | OK | |||
r-devel-windows-x86_64 | 2.0.0 | 7.00 | 66.00 | 73.00 | OK | |
r-patched-linux-x86_64 | 2.0.0 | 5.47 | 53.66 | 59.13 | OK | |
r-release-linux-x86_64 | 2.0.0 | 5.17 | 53.13 | 58.30 | OK | |
r-release-macos-arm64 | 2.0.0 | 37.00 | OK | |||
r-release-macos-x86_64 | 2.0.0 | 59.00 | OK | |||
r-release-windows-x86_64 | 2.0.0 | 9.00 | 77.00 | 86.00 | OK | |
r-oldrel-macos-arm64 | 2.0.0 | 29.00 | OK | |||
r-oldrel-macos-x86_64 | 2.0.0 | 46.00 | OK | |||
r-oldrel-windows-x86_64 | 2.0.0 | 9.00 | 93.00 | 102.00 | OK |
Version: 2.0.0
Check: package dependencies
Result: NOTE
Imports includes 30 non-default packages.
Importing from so many packages makes the package vulnerable to any of
them becoming unavailable. Move as many as possible to Suggests and
use conditionally.
Flavor: r-devel-linux-x86_64-fedora-clang