CRAN Package Check Results for Package tidyverse

Last updated on 2020-07-12 03:49:04 CEST.

Flavor Version Tinstall Tcheck Ttotal Status Flags
r-devel-linux-x86_64-debian-clang 1.3.0 8.66 82.76 91.42 OK
r-devel-linux-x86_64-debian-gcc 1.3.0 6.93 62.57 69.50 OK
r-devel-linux-x86_64-fedora-clang 1.3.0 116.78 NOTE
r-devel-linux-x86_64-fedora-gcc 1.3.0 105.24 OK
r-devel-windows-ix86+x86_64 1.3.0 23.00 102.00 125.00 OK
r-patched-linux-x86_64 1.3.0 8.95 78.38 87.33 OK
r-patched-solaris-x86 1.3.0 154.70 OK
r-release-linux-x86_64 1.3.0 9.15 79.33 88.48 OK
r-release-macos-x86_64 1.3.0 OK
r-release-windows-ix86+x86_64 1.3.0 37.00 137.00 174.00 OK
r-oldrel-macos-x86_64 1.3.0 OK
r-oldrel-windows-ix86+x86_64 1.3.0 19.00 94.00 113.00 OK

Check Details

Version: 1.3.0
Check: package dependencies
Result: NOTE
    Imports includes 26 non-default packages.
    Importing from so many packages makes the package vulnerable to any of
    them becoming unavailable. Move as many as possible to Suggests and
    use conditionally.
Flavor: r-devel-linux-x86_64-fedora-clang