CRAN Package Check Results for Package tidystringdist

Last updated on 2024-02-26 04:49:42 CET.

Flavor Version Tinstall Tcheck Ttotal Status Flags
r-devel-linux-x86_64-debian-clang 0.1.4 3.86 47.85 51.71 NOTE
r-devel-linux-x86_64-debian-gcc 0.1.4 3.22 35.70 38.92 NOTE
r-devel-linux-x86_64-fedora-clang 0.1.4 63.76 NOTE
r-devel-linux-x86_64-fedora-gcc 0.1.4 71.52 NOTE
r-devel-windows-x86_64 0.1.4 5.00 62.00 67.00 NOTE
r-patched-linux-x86_64 0.1.4 4.05 44.73 48.78 NOTE
r-release-linux-x86_64 0.1.4 4.44 45.06 49.50 NOTE
r-release-macos-arm64 0.1.4 32.00 NOTE
r-release-macos-x86_64 0.1.4 48.00 NOTE
r-release-windows-x86_64 0.1.4 6.00 63.00 69.00 NOTE
r-oldrel-macos-arm64 0.1.4 21.00 NOTE
r-oldrel-windows-x86_64 0.1.4 6.00 68.00 74.00 NOTE

Check Details

Version: 0.1.4
Check: LazyData
Result: NOTE 'LazyData' is specified without a 'data' directory Flavors: r-devel-linux-x86_64-debian-clang, r-devel-linux-x86_64-debian-gcc, r-devel-linux-x86_64-fedora-clang, r-devel-linux-x86_64-fedora-gcc, r-devel-windows-x86_64, r-patched-linux-x86_64, r-release-linux-x86_64, r-release-macos-arm64, r-release-macos-x86_64, r-release-windows-x86_64, r-oldrel-macos-arm64, r-oldrel-windows-x86_64