Last updated on 2023-09-22 16:54:15 CEST.
Flavor | Version | Tinstall | Tcheck | Ttotal | Status | Flags |
---|---|---|---|---|---|---|
r-devel-linux-x86_64-debian-clang | 1.2.0 | 3.83 | 87.62 | 91.45 | NOTE | |
r-devel-linux-x86_64-debian-gcc | 1.2.0 | 4.20 | 64.49 | 68.69 | NOTE | |
r-devel-linux-x86_64-fedora-clang | 1.2.0 | 114.49 | NOTE | |||
r-devel-linux-x86_64-fedora-gcc | 1.2.0 | 119.31 | NOTE | |||
r-devel-windows-x86_64 | 1.2.0 | 6.00 | 86.00 | 92.00 | NOTE | |
r-patched-linux-x86_64 | 1.2.0 | 5.51 | 82.22 | 87.73 | OK | |
r-release-linux-x86_64 | 1.2.0 | 5.23 | 83.82 | 89.05 | OK | |
r-release-macos-arm64 | 1.2.0 | 43.00 | OK | |||
r-release-macos-x86_64 | 1.2.0 | 65.00 | OK | |||
r-release-windows-x86_64 | 1.2.0 | 8.00 | 97.00 | 105.00 | OK | |
r-oldrel-macos-arm64 | 1.2.0 | 39.00 | OK | |||
r-oldrel-macos-x86_64 | 1.2.0 | 44.00 | OK | |||
r-oldrel-windows-x86_64 | 1.2.0 | 7.00 | 96.00 | 103.00 | OK |
Version: 1.2.0
Check: Rd \usage sections
Result: NOTE
Documented arguments not in \usage in documentation object 'vars_select':
‘args’
Functions with \usage entries need to have the appropriate \alias
entries, and all their arguments documented.
The \usage entries must correspond to syntactically valid R code.
See chapter ‘Writing R documentation files’ in the ‘Writing R
Extensions’ manual.
Flavors: r-devel-linux-x86_64-debian-clang, r-devel-linux-x86_64-debian-gcc, r-devel-linux-x86_64-fedora-clang, r-devel-linux-x86_64-fedora-gcc, r-devel-windows-x86_64