CRAN Package Check Results for Package tidyr

Last updated on 2020-07-14 16:48:14 CEST.

Flavor Version Tinstall Tcheck Ttotal Status Flags
r-devel-linux-x86_64-debian-clang 1.1.0 40.37 93.87 134.24 OK
r-devel-linux-x86_64-debian-gcc 1.1.0 28.41 71.07 99.48 OK
r-devel-linux-x86_64-fedora-clang 1.1.0 175.46 NOTE
r-devel-linux-x86_64-fedora-gcc 1.1.0 167.74 NOTE
r-devel-windows-ix86+x86_64 1.1.0 117.00 148.00 265.00 OK
r-patched-linux-x86_64 1.1.0 31.51 90.24 121.75 OK
r-patched-solaris-x86 1.1.0 190.90 NOTE
r-release-linux-x86_64 1.1.0 29.21 91.56 120.77 OK
r-release-macos-x86_64 1.1.0 ERROR
r-release-windows-ix86+x86_64 1.1.0 107.00 204.00 311.00 OK
r-oldrel-macos-x86_64 1.1.0 NOTE
r-oldrel-windows-ix86+x86_64 1.1.0 97.00 190.00 287.00 OK

Check Details

Version: 1.1.0
Check: data for non-ASCII characters
Result: NOTE
     Note: found 24 marked UTF-8 strings
Flavors: r-devel-linux-x86_64-fedora-clang, r-devel-linux-x86_64-fedora-gcc, r-patched-solaris-x86, r-oldrel-macos-x86_64

Version: 1.1.0
Check: whether package can be installed
Result: ERROR
    Installation failed.
Flavor: r-release-macos-x86_64