Last updated on 2023-12-04 16:53:44 CET.
Flavor | Version | Tinstall | Tcheck | Ttotal | Status | Flags |
---|---|---|---|---|---|---|
r-devel-linux-x86_64-debian-clang | 0.6.0 | 8.60 | 129.66 | 138.26 | OK | |
r-devel-linux-x86_64-debian-gcc | 0.6.0 | 7.08 | 97.44 | 104.52 | OK | |
r-devel-linux-x86_64-fedora-clang | 0.6.0 | 168.38 | NOTE | |||
r-devel-linux-x86_64-fedora-gcc | 0.6.0 | 171.59 | NOTE | |||
r-devel-windows-x86_64 | 0.6.0 | 9.00 | 125.00 | 134.00 | OK | |
r-patched-linux-x86_64 | 0.6.0 | 7.61 | 122.85 | 130.46 | OK | |
r-release-linux-x86_64 | 0.6.0 | 5.37 | 121.83 | 127.20 | OK | |
r-release-macos-arm64 | 0.6.0 | 71.00 | OK | |||
r-release-macos-x86_64 | 0.6.0 | 113.00 | OK | |||
r-release-windows-x86_64 | 0.6.0 | 12.00 | 147.00 | 159.00 | OK | |
r-oldrel-macos-arm64 | 0.6.0 | 63.00 | OK | |||
r-oldrel-macos-x86_64 | 0.6.0 | 88.00 | OK | |||
r-oldrel-windows-x86_64 | 0.6.0 | 13.00 | 143.00 | 156.00 | OK |
Version: 0.6.0
Check: data for non-ASCII characters
Result: NOTE
Note: found 182 marked UTF-8 strings
Flavors: r-devel-linux-x86_64-fedora-clang, r-devel-linux-x86_64-fedora-gcc