CRAN Package Check Results for Package tidyfst

Last updated on 2024-02-22 05:02:00 CET.

Flavor Version Tinstall Tcheck Ttotal Status Flags
r-devel-linux-x86_64-debian-clang 1.7.7 OK
r-devel-linux-x86_64-debian-gcc 1.7.7 5.00 97.56 102.56 OK
r-devel-linux-x86_64-fedora-clang 1.7.7 161.54 NOTE
r-devel-linux-x86_64-fedora-gcc 1.7.7 163.19 OK
r-devel-windows-x86_64 1.7.7 7.00 117.00 124.00 OK
r-patched-linux-x86_64 1.7.7 7.63 122.10 129.73 OK
r-release-linux-x86_64 1.7.7 7.59 121.05 128.64 OK
r-release-macos-arm64 1.7.7 57.00 OK
r-release-macos-x86_64 1.7.7 126.00 OK
r-release-windows-x86_64 1.7.7 8.00 142.00 150.00 OK
r-oldrel-macos-arm64 1.7.7 49.00 OK
r-oldrel-windows-x86_64 1.7.7 10.00 135.00 145.00 OK

Check Details

Version: 1.7.7
Check: Rd cross-references
Result: NOTE Undeclared packages ‘fastDummies’, ‘widyr’, ‘pacman’, ‘sjmisc’ in Rd xrefs Flavor: r-devel-linux-x86_64-fedora-clang