CRAN Package Check Results for Package tidydann

Last updated on 2024-02-22 16:49:31 CET.

Flavor Version Tinstall Tcheck Ttotal Status Flags
r-devel-linux-x86_64-debian-clang 1.0.0 OK
r-devel-linux-x86_64-debian-gcc 1.0.0 4.38 151.54 155.92 OK
r-devel-linux-x86_64-fedora-clang 1.0.0 285.81 NOTE
r-devel-linux-x86_64-fedora-gcc 1.0.0 285.54 OK
r-devel-windows-x86_64 1.0.0 6.00 144.00 150.00 OK
r-patched-linux-x86_64 1.0.0 3.22 245.77 248.99 OK
r-release-linux-x86_64 1.0.0 3.57 238.26 241.83 OK
r-release-macos-arm64 1.0.0 77.00 OK
r-release-macos-x86_64 1.0.0 259.00 OK
r-release-windows-x86_64 1.0.0 7.00 194.00 201.00 OK
r-oldrel-macos-arm64 1.0.0 74.00 OK
r-oldrel-windows-x86_64 1.0.0 8.00 204.00 212.00 OK

Check Details

Version: 1.0.0
Check: Rd cross-references
Result: NOTE Undeclared package ‘fpc’ in Rd xrefs Flavor: r-devel-linux-x86_64-fedora-clang