Last updated on 2023-12-02 04:52:32 CET.
Flavor | Version | Tinstall | Tcheck | Ttotal | Status | Flags |
---|---|---|---|---|---|---|
r-devel-linux-x86_64-debian-clang | 1.5 | 13.38 | 104.64 | 118.02 | NOTE | |
r-devel-linux-x86_64-debian-gcc | 1.5 | 10.74 | 75.73 | 86.47 | NOTE | |
r-devel-linux-x86_64-fedora-clang | 1.5 | 151.18 | NOTE | |||
r-devel-linux-x86_64-fedora-gcc | 1.5 | 148.70 | NOTE | |||
r-devel-windows-x86_64 | 1.5 | 16.00 | 91.00 | 107.00 | OK | |
r-patched-linux-x86_64 | 1.5 | 11.02 | 97.42 | 108.44 | OK | |
r-release-linux-x86_64 | 1.5 | 12.98 | 96.78 | 109.76 | OK | |
r-release-macos-arm64 | 1.5 | 43.00 | OK | |||
r-release-macos-x86_64 | 1.5 | 160.00 | OK | |||
r-release-windows-x86_64 | 1.5 | 18.00 | 115.00 | 133.00 | OK | |
r-oldrel-macos-arm64 | 1.5 | 46.00 | OK | |||
r-oldrel-macos-x86_64 | 1.5 | 124.00 | OK | |||
r-oldrel-windows-x86_64 | 1.5 | 20.00 | 105.00 | 125.00 | OK |
Version: 1.5
Check: Rd files
Result: NOTE
checkRd: (-1) to_survey.Rd:25: Lost braces
25 | Currently the only option is code{"rep_weights"}/.}
| ^
Flavors: r-devel-linux-x86_64-debian-clang, r-devel-linux-x86_64-debian-gcc
Version: 1.5
Check: data for non-ASCII characters
Result: NOTE
Note: found 2 marked UTF-8 strings
Flavors: r-devel-linux-x86_64-fedora-clang, r-devel-linux-x86_64-fedora-gcc