CRAN Package Check Results for Package tidyBF

Last updated on 2020-10-30 03:50:28 CET.

Flavor Version Tinstall Tcheck Ttotal Status Flags
r-devel-linux-x86_64-debian-clang 0.3.0 24.74 323.42 348.16 ERROR
r-devel-linux-x86_64-debian-gcc 0.3.0 16.64 229.39 246.03 ERROR
r-devel-linux-x86_64-fedora-clang 0.3.0 295.24 ERROR
r-devel-linux-x86_64-fedora-gcc 0.3.0 305.14 ERROR
r-devel-windows-ix86+x86_64 0.3.0 59.00 361.00 420.00 ERROR
r-patched-linux-x86_64 0.3.0 19.21 294.76 313.97 ERROR
r-patched-solaris-x86 0.3.0 473.10 ERROR
r-release-linux-x86_64 0.3.0 21.21 293.49 314.70 ERROR
r-release-macos-x86_64 0.3.0 OK
r-release-windows-ix86+x86_64 0.3.0 40.00 267.00 307.00 ERROR
r-oldrel-macos-x86_64 0.3.0 OK
r-oldrel-windows-ix86+x86_64 0.3.0 41.00 331.00 372.00 ERROR

Check Details

Version: 0.3.0
Check: tests
Result: ERROR
     Running 'spelling.R' [0s/1s]
     Running 'testthat.R' [116s/124s]
    Running the tests in 'tests/testthat.R' failed.
    Complete output:
     > library(testthat)
     > library(tidyBF)
     >
     > test_check("tidyBF")
     -- 1. Failure: bayes factor (correlation test) - without NAs (@test-bf_corr_test
     `subtitle1` not identical to ggplot2::expr(...).
     target, current do not match when deparsed
    
     -- 2. Failure: bayes factor (correlation test) - with NAs (@test-bf_corr_test.R#
     `subtitle1` not identical to ggplot2::expr(...).
     target, current do not match when deparsed
    
     Error: The dataframe must contain the following two columns:
     `estimate` and `std.error`.-- 3. Failure: bayes factor (one sample t-test) (@test-bf_ttest.R#147) --------
     `subtitle` not identical to ggplot2::expr(...).
     target, current do not match when deparsed
    
     -- 4. Failure: bayes factor (one sample t-test) (@test-bf_ttest.R#190) --------
     `subtitle2` not identical to ggplot2::expr(...).
     target, current do not match when deparsed
    
     == testthat results ===========================================================
     [ OK: 74 | SKIPPED: 0 | WARNINGS: 5 | FAILED: 4 ]
     1. Failure: bayes factor (correlation test) - without NAs (@test-bf_corr_test.R#34)
     2. Failure: bayes factor (correlation test) - with NAs (@test-bf_corr_test.R#99)
     3. Failure: bayes factor (one sample t-test) (@test-bf_ttest.R#147)
     4. Failure: bayes factor (one sample t-test) (@test-bf_ttest.R#190)
    
     Error: testthat unit tests failed
     Execution halted
Flavor: r-devel-linux-x86_64-debian-clang

Version: 0.3.0
Check: tests
Result: ERROR
     Running ‘spelling.R’ [0s/0s]
     Running ‘testthat.R’ [75s/101s]
    Running the tests in ‘tests/testthat.R’ failed.
    Complete output:
     > library(testthat)
     > library(tidyBF)
     >
     > test_check("tidyBF")
     Error: The dataframe must contain the following two columns:
     `estimate` and `std.error`.── 1. Failure: bayes factor (one sample t-test) (@test-bf_ttest.R#147) ────────
     `subtitle` not identical to ggplot2::expr(...).
     target, current do not match when deparsed
    
     ── 2. Failure: bayes factor (one sample t-test) (@test-bf_ttest.R#190) ────────
     `subtitle2` not identical to ggplot2::expr(...).
     target, current do not match when deparsed
    
     ══ testthat results ═══════════════════════════════════════════════════════════
     [ OK: 76 | SKIPPED: 0 | WARNINGS: 0 | FAILED: 2 ]
     1. Failure: bayes factor (one sample t-test) (@test-bf_ttest.R#147)
     2. Failure: bayes factor (one sample t-test) (@test-bf_ttest.R#190)
    
     Error: testthat unit tests failed
     Execution halted
Flavor: r-devel-linux-x86_64-debian-gcc

Version: 0.3.0
Check: Rd cross-references
Result: NOTE
    Undeclared packages ‘parameters’, ‘bayestestR’ in Rd xrefs
Flavor: r-devel-linux-x86_64-fedora-clang

Version: 0.3.0
Check: tests
Result: ERROR
     Running ‘spelling.R’
     Running ‘testthat.R’ [67s/67s]
    Running the tests in ‘tests/testthat.R’ failed.
    Complete output:
     > library(testthat)
     > library(tidyBF)
     >
     > test_check("tidyBF")
     Error: The dataframe must contain the following two columns:
     `estimate` and `std.error`.── 1. Failure: bayes factor (one sample t-test) (@test-bf_ttest.R#147) ────────
     `subtitle` not identical to ggplot2::expr(...).
     target, current do not match when deparsed
    
     ── 2. Failure: bayes factor (one sample t-test) (@test-bf_ttest.R#190) ────────
     `subtitle2` not identical to ggplot2::expr(...).
     target, current do not match when deparsed
    
     ══ testthat results ═══════════════════════════════════════════════════════════
     [ OK: 76 | SKIPPED: 0 | WARNINGS: 0 | FAILED: 2 ]
     1. Failure: bayes factor (one sample t-test) (@test-bf_ttest.R#147)
     2. Failure: bayes factor (one sample t-test) (@test-bf_ttest.R#190)
    
     Error: testthat unit tests failed
     Execution halted
Flavor: r-devel-linux-x86_64-fedora-clang

Version: 0.3.0
Check: tests
Result: ERROR
     Running ‘spelling.R’
     Running ‘testthat.R’ [75s/76s]
    Running the tests in ‘tests/testthat.R’ failed.
    Complete output:
     > library(testthat)
     > library(tidyBF)
     >
     > test_check("tidyBF")
     Error: The dataframe must contain the following two columns:
     `estimate` and `std.error`.── 1. Failure: bayes factor (one sample t-test) (@test-bf_ttest.R#147) ────────
     `subtitle` not identical to ggplot2::expr(...).
     target, current do not match when deparsed
    
     ── 2. Failure: bayes factor (one sample t-test) (@test-bf_ttest.R#190) ────────
     `subtitle2` not identical to ggplot2::expr(...).
     target, current do not match when deparsed
    
     ══ testthat results ═══════════════════════════════════════════════════════════
     [ OK: 76 | SKIPPED: 0 | WARNINGS: 0 | FAILED: 2 ]
     1. Failure: bayes factor (one sample t-test) (@test-bf_ttest.R#147)
     2. Failure: bayes factor (one sample t-test) (@test-bf_ttest.R#190)
    
     Error: testthat unit tests failed
     Execution halted
Flavor: r-devel-linux-x86_64-fedora-gcc

Version: 0.3.0
Check: tests
Result: ERROR
     Running 'spelling.R' [0s]
     Running 'testthat.R' [124s]
    Running the tests in 'tests/testthat.R' failed.
    Complete output:
     > library(testthat)
     > library(tidyBF)
     >
     > test_check("tidyBF")
     -- 1. Failure: bayes factor (correlation test) - without NAs (@test-bf_corr_test
     `subtitle1` not identical to ggplot2::expr(...).
     target, current do not match when deparsed
    
     -- 2. Failure: bayes factor (correlation test) - with NAs (@test-bf_corr_test.R#
     `subtitle1` not identical to ggplot2::expr(...).
     target, current do not match when deparsed
    
     Error: The dataframe must contain the following two columns:
     `estimate` and `std.error`.-- 3. Failure: bayes factor (one sample t-test) (@test-bf_ttest.R#147) --------
     `subtitle` not identical to ggplot2::expr(...).
     target, current do not match when deparsed
    
     -- 4. Failure: bayes factor (one sample t-test) (@test-bf_ttest.R#190) --------
     `subtitle2` not identical to ggplot2::expr(...).
     target, current do not match when deparsed
    
     == testthat results ===========================================================
     [ OK: 74 | SKIPPED: 0 | WARNINGS: 5 | FAILED: 4 ]
     1. Failure: bayes factor (correlation test) - without NAs (@test-bf_corr_test.R#34)
     2. Failure: bayes factor (correlation test) - with NAs (@test-bf_corr_test.R#99)
     3. Failure: bayes factor (one sample t-test) (@test-bf_ttest.R#147)
     4. Failure: bayes factor (one sample t-test) (@test-bf_ttest.R#190)
    
     Error: testthat unit tests failed
     Execution halted
Flavor: r-devel-windows-ix86+x86_64

Version: 0.3.0
Check: tests
Result: ERROR
     Running ‘spelling.R’ [0s/1s]
     Running ‘testthat.R’ [104s/110s]
    Running the tests in ‘tests/testthat.R’ failed.
    Complete output:
     > library(testthat)
     > library(tidyBF)
     >
     > test_check("tidyBF")
     ── 1. Failure: bayes factor (correlation test) - without NAs (@test-bf_corr_test
     `subtitle1` not identical to ggplot2::expr(...).
     target, current do not match when deparsed
    
     ── 2. Failure: bayes factor (correlation test) - with NAs (@test-bf_corr_test.R#
     `subtitle1` not identical to ggplot2::expr(...).
     target, current do not match when deparsed
    
     Error: The dataframe must contain the following two columns:
     `estimate` and `std.error`.── 3. Failure: bayes factor (one sample t-test) (@test-bf_ttest.R#147) ────────
     `subtitle` not identical to ggplot2::expr(...).
     target, current do not match when deparsed
    
     ── 4. Failure: bayes factor (one sample t-test) (@test-bf_ttest.R#190) ────────
     `subtitle2` not identical to ggplot2::expr(...).
     target, current do not match when deparsed
    
     ══ testthat results ═══════════════════════════════════════════════════════════
     [ OK: 74 | SKIPPED: 0 | WARNINGS: 5 | FAILED: 4 ]
     1. Failure: bayes factor (correlation test) - without NAs (@test-bf_corr_test.R#34)
     2. Failure: bayes factor (correlation test) - with NAs (@test-bf_corr_test.R#99)
     3. Failure: bayes factor (one sample t-test) (@test-bf_ttest.R#147)
     4. Failure: bayes factor (one sample t-test) (@test-bf_ttest.R#190)
    
     Error: testthat unit tests failed
     Execution halted
Flavor: r-patched-linux-x86_64

Version: 0.3.0
Check: tests
Result: ERROR
     Running ‘spelling.R’
     Running ‘testthat.R’ [130s/130s]
    Running the tests in ‘tests/testthat.R’ failed.
    Complete output:
     > library(testthat)
     > library(tidyBF)
     >
     > test_check("tidyBF")
     Error: The dataframe must contain the following two columns:
     `estimate` and `std.error`.── 1. Failure: bayes factor (one sample t-test) (@test-bf_ttest.R#147) ────────
     `subtitle` not identical to ggplot2::expr(...).
     target, current do not match when deparsed
    
     ── 2. Failure: bayes factor (one sample t-test) (@test-bf_ttest.R#190) ────────
     `subtitle2` not identical to ggplot2::expr(...).
     target, current do not match when deparsed
    
     ══ testthat results ═══════════════════════════════════════════════════════════
     [ OK: 76 | SKIPPED: 0 | WARNINGS: 0 | FAILED: 2 ]
     1. Failure: bayes factor (one sample t-test) (@test-bf_ttest.R#147)
     2. Failure: bayes factor (one sample t-test) (@test-bf_ttest.R#190)
    
     Error: testthat unit tests failed
     Execution halted
Flavor: r-patched-solaris-x86

Version: 0.3.0
Check: tests
Result: ERROR
     Running ‘spelling.R’ [0s/1s]
     Running ‘testthat.R’ [103s/112s]
    Running the tests in ‘tests/testthat.R’ failed.
    Complete output:
     > library(testthat)
     > library(tidyBF)
     >
     > test_check("tidyBF")
     ── 1. Failure: bayes factor (correlation test) - without NAs (@test-bf_corr_test
     `subtitle1` not identical to ggplot2::expr(...).
     target, current do not match when deparsed
    
     ── 2. Failure: bayes factor (correlation test) - with NAs (@test-bf_corr_test.R#
     `subtitle1` not identical to ggplot2::expr(...).
     target, current do not match when deparsed
    
     Error: The dataframe must contain the following two columns:
     `estimate` and `std.error`.── 3. Failure: bayes factor (one sample t-test) (@test-bf_ttest.R#147) ────────
     `subtitle` not identical to ggplot2::expr(...).
     target, current do not match when deparsed
    
     ── 4. Failure: bayes factor (one sample t-test) (@test-bf_ttest.R#190) ────────
     `subtitle2` not identical to ggplot2::expr(...).
     target, current do not match when deparsed
    
     ══ testthat results ═══════════════════════════════════════════════════════════
     [ OK: 74 | SKIPPED: 0 | WARNINGS: 5 | FAILED: 4 ]
     1. Failure: bayes factor (correlation test) - without NAs (@test-bf_corr_test.R#34)
     2. Failure: bayes factor (correlation test) - with NAs (@test-bf_corr_test.R#99)
     3. Failure: bayes factor (one sample t-test) (@test-bf_ttest.R#147)
     4. Failure: bayes factor (one sample t-test) (@test-bf_ttest.R#190)
    
     Error: testthat unit tests failed
     Execution halted
Flavor: r-release-linux-x86_64

Version: 0.3.0
Check: tests
Result: ERROR
     Running 'spelling.R' [0s]
     Running 'testthat.R' [91s]
    Running the tests in 'tests/testthat.R' failed.
    Complete output:
     > library(testthat)
     > library(tidyBF)
     >
     > test_check("tidyBF")
     -- 1. Failure: bayes factor (correlation test) - without NAs (@test-bf_corr_test
     `subtitle1` not identical to ggplot2::expr(...).
     target, current do not match when deparsed
    
     -- 2. Failure: bayes factor (correlation test) - with NAs (@test-bf_corr_test.R#
     `subtitle1` not identical to ggplot2::expr(...).
     target, current do not match when deparsed
    
     Error: The dataframe must contain the following two columns:
     `estimate` and `std.error`.-- 3. Failure: bayes factor (one sample t-test) (@test-bf_ttest.R#147) --------
     `subtitle` not identical to ggplot2::expr(...).
     target, current do not match when deparsed
    
     -- 4. Failure: bayes factor (one sample t-test) (@test-bf_ttest.R#190) --------
     `subtitle2` not identical to ggplot2::expr(...).
     target, current do not match when deparsed
    
     == testthat results ===========================================================
     [ OK: 74 | SKIPPED: 0 | WARNINGS: 5 | FAILED: 4 ]
     1. Failure: bayes factor (correlation test) - without NAs (@test-bf_corr_test.R#34)
     2. Failure: bayes factor (correlation test) - with NAs (@test-bf_corr_test.R#99)
     3. Failure: bayes factor (one sample t-test) (@test-bf_ttest.R#147)
     4. Failure: bayes factor (one sample t-test) (@test-bf_ttest.R#190)
    
     Error: testthat unit tests failed
     Execution halted
Flavor: r-release-windows-ix86+x86_64

Version: 0.3.0
Check: tests
Result: ERROR
     Running 'spelling.R' [0s]
     Running 'testthat.R' [113s]
    Running the tests in 'tests/testthat.R' failed.
    Complete output:
     > library(testthat)
     > library(tidyBF)
     >
     > test_check("tidyBF")
     -- 1. Failure: bayes factor (correlation test) - without NAs (@test-bf_corr_test
     `subtitle1` not identical to ggplot2::expr(...).
     target, current do not match when deparsed
    
     -- 2. Failure: bayes factor (correlation test) - with NAs (@test-bf_corr_test.R#
     `subtitle1` not identical to ggplot2::expr(...).
     target, current do not match when deparsed
    
     Error: The dataframe must contain the following two columns:
     `estimate` and `std.error`.-- 3. Failure: bayes factor (one sample t-test) (@test-bf_ttest.R#147) --------
     `subtitle` not identical to ggplot2::expr(...).
     target, current do not match when deparsed
    
     -- 4. Failure: bayes factor (one sample t-test) (@test-bf_ttest.R#190) --------
     `subtitle2` not identical to ggplot2::expr(...).
     target, current do not match when deparsed
    
     == testthat results ===========================================================
     [ OK: 74 | SKIPPED: 0 | WARNINGS: 5 | FAILED: 4 ]
     1. Failure: bayes factor (correlation test) - without NAs (@test-bf_corr_test.R#34)
     2. Failure: bayes factor (correlation test) - with NAs (@test-bf_corr_test.R#99)
     3. Failure: bayes factor (one sample t-test) (@test-bf_ttest.R#147)
     4. Failure: bayes factor (one sample t-test) (@test-bf_ttest.R#190)
    
     Error: testthat unit tests failed
     Execution halted
Flavor: r-oldrel-windows-ix86+x86_64