CRAN Package Check Results for Package tictactoe

Last updated on 2020-08-13 15:51:24 CEST.

Flavor Version Tinstall Tcheck Ttotal Status Flags
r-devel-linux-x86_64-debian-clang 0.2.2 2.65 34.67 37.32 NOTE
r-devel-linux-x86_64-debian-gcc 0.2.2 2.42 27.01 29.43 OK
r-devel-linux-x86_64-fedora-clang 0.2.2 52.86 OK
r-devel-linux-x86_64-fedora-gcc 0.2.2 43.71 OK
r-devel-windows-ix86+x86_64 0.2.2 10.00 64.00 74.00 OK
r-patched-linux-x86_64 0.2.2 2.88 34.54 37.42 OK
r-patched-solaris-x86 0.2.2 61.90 OK
r-release-linux-x86_64 0.2.2 2.88 34.85 37.73 OK
r-release-macos-x86_64 0.2.2 OK
r-release-windows-ix86+x86_64 0.2.2 11.00 45.00 56.00 OK
r-oldrel-macos-x86_64 0.2.2 OK
r-oldrel-windows-ix86+x86_64 0.2.2 5.00 48.00 53.00 OK

Check Details

Version: 0.2.2
Check: package dependencies
Result: NOTE
    Package suggested but not available for checking: 'tidyr'
Flavor: r-devel-linux-x86_64-debian-clang