CRAN Package Check Results for Package tictactoe

Last updated on 2023-12-09 16:49:36 CET.

Flavor Version Tinstall Tcheck Ttotal Status Flags
r-devel-linux-x86_64-debian-clang 0.2.2 2.68 38.66 41.34 NOTE
r-devel-linux-x86_64-debian-gcc 0.2.2 2.21 29.96 32.17 NOTE
r-devel-linux-x86_64-fedora-clang 0.2.2 51.71 NOTE
r-devel-linux-x86_64-fedora-gcc 0.2.2 49.41 NOTE
r-devel-windows-x86_64 0.2.2 4.00 51.00 55.00 NOTE
r-patched-linux-x86_64 0.2.2 3.24 37.68 40.92 NOTE
r-release-linux-x86_64 0.2.2 2.63 37.02 39.65 NOTE
r-release-macos-arm64 0.2.2 23.00 NOTE
r-release-macos-x86_64 0.2.2 28.00 NOTE
r-release-windows-x86_64 0.2.2 6.00 54.00 60.00 NOTE
r-oldrel-macos-arm64 0.2.2 20.00 NOTE
r-oldrel-macos-x86_64 0.2.2 27.00 NOTE
r-oldrel-windows-x86_64 0.2.2 5.00 55.00 60.00 NOTE

Check Details

Version: 0.2.2
Check: LazyData
Result: NOTE 'LazyData' is specified without a 'data' directory Flavors: r-devel-linux-x86_64-debian-clang, r-devel-linux-x86_64-debian-gcc, r-devel-linux-x86_64-fedora-clang, r-devel-linux-x86_64-fedora-gcc, r-devel-windows-x86_64, r-patched-linux-x86_64, r-release-linux-x86_64, r-release-macos-arm64, r-release-macos-x86_64, r-release-windows-x86_64, r-oldrel-macos-arm64, r-oldrel-macos-x86_64, r-oldrel-windows-x86_64