Last updated on 2023-12-03 16:52:00 CET.
Flavor | Version | Tinstall | Tcheck | Ttotal | Status | Flags |
---|---|---|---|---|---|---|
r-devel-linux-x86_64-debian-clang | 0.3.0 | 13.42 | 110.16 | 123.58 | WARN | |
r-devel-linux-x86_64-debian-gcc | 0.3.0 | 11.09 | 81.07 | 92.16 | NOTE | |
r-devel-linux-x86_64-fedora-clang | 0.3.0 | 165.82 | WARN | |||
r-devel-linux-x86_64-fedora-gcc | 0.3.0 | 158.75 | NOTE | |||
r-devel-windows-x86_64 | 0.3.0 | 20.00 | 104.00 | 124.00 | NOTE | |
r-patched-linux-x86_64 | 0.3.0 | 18.37 | 105.75 | 124.12 | NOTE | |
r-release-linux-x86_64 | 0.3.0 | 13.30 | 103.00 | 116.30 | NOTE | |
r-release-macos-arm64 | 0.3.0 | 51.00 | NOTE | |||
r-release-macos-x86_64 | 0.3.0 | 86.00 | NOTE | |||
r-release-windows-x86_64 | 0.3.0 | 26.00 | 122.00 | 148.00 | NOTE | |
r-oldrel-macos-arm64 | 0.3.0 | 56.00 | OK | |||
r-oldrel-macos-x86_64 | 0.3.0 | 59.00 | OK | |||
r-oldrel-windows-x86_64 | 0.3.0 | 22.00 | 127.00 | 149.00 | OK |
Version: 0.3.0
Check: whether package can be installed
Result: WARN
Found the following significant warnings:
parse-spec.c:131:14: warning: format string is not a string literal (potentially insecure) [-Wformat-security]
parse-spec.c:132:14: warning: format string is not a string literal (potentially insecure) [-Wformat-security]
See ‘/home/hornik/tmp/R.check/r-devel-clang/Work/PKGS/tibblify.Rcheck/00install.out’ for details.
* used C compiler: ‘Debian clang version 17.0.5 (1)’
* used C++ compiler: ‘Debian clang version 17.0.5 (1)’
Flavor: r-devel-linux-x86_64-debian-clang
Version: 0.3.0
Check: C++ specification
Result: NOTE
Specified C++11: please drop specification unless essential
Flavors: r-devel-linux-x86_64-debian-clang, r-devel-linux-x86_64-debian-gcc, r-devel-linux-x86_64-fedora-clang, r-devel-linux-x86_64-fedora-gcc, r-devel-windows-x86_64, r-patched-linux-x86_64, r-release-linux-x86_64, r-release-macos-arm64, r-release-macos-x86_64, r-release-windows-x86_64
Version: 0.3.0
Check: whether package can be installed
Result: WARN
Found the following significant warnings:
parse-spec.c:131:14: warning: format string is not a string literal (potentially insecure) [-Wformat-security]
parse-spec.c:132:14: warning: format string is not a string literal (potentially insecure) [-Wformat-security]
See ‘/data/gannet/ripley/R/packages/tests-clang/tibblify.Rcheck/00install.out’ for details.
* used C compiler: ‘clang version 17.0.5’
* used C++ compiler: ‘clang version 17.0.5’
Flavor: r-devel-linux-x86_64-fedora-clang