CRAN Package Check Results for Package thectar

Last updated on 2020-09-20 16:14:31 CEST.

Flavor Version Tinstall Tcheck Ttotal Status Flags
r-devel-linux-x86_64-debian-clang 1.0.0 2.85 31.80 34.65 OK
r-devel-linux-x86_64-debian-gcc 1.0.0 2.47 24.37 26.84 OK
r-devel-linux-x86_64-fedora-clang 1.0.0 58.52 NOTE
r-devel-linux-x86_64-fedora-gcc 1.0.0 42.01 NOTE
r-devel-windows-ix86+x86_64 1.0.0 15.00 44.00 59.00 OK
r-patched-linux-x86_64 1.0.0 2.89 31.38 34.27 OK
r-patched-solaris-x86 1.0.0 61.90 NOTE
r-release-linux-x86_64 1.0.0 2.56 30.94 33.50 OK
r-release-macos-x86_64 1.0.0 NOTE
r-release-windows-ix86+x86_64 1.0.0 8.00 40.00 48.00 OK
r-oldrel-macos-x86_64 1.0.0 NOTE
r-oldrel-windows-ix86+x86_64 1.0.0 4.00 47.00 51.00 OK

Check Details

Version: 1.0.0
Check: dependencies in R code
Result: NOTE
    Namespace in Imports field not imported from: ‘proxy’
     All declared Imports should be used.
Flavors: r-devel-linux-x86_64-fedora-clang, r-devel-linux-x86_64-fedora-gcc, r-patched-solaris-x86, r-release-macos-x86_64, r-oldrel-macos-x86_64