CRAN Package Check Results for Package textshape

Last updated on 2020-08-09 15:48:01 CEST.

Flavor Version Tinstall Tcheck Ttotal Status Flags
r-devel-linux-x86_64-debian-clang 1.7.1 4.51 41.00 45.51 OK
r-devel-linux-x86_64-debian-gcc 1.7.1 3.49 30.52 34.01 OK
r-devel-linux-x86_64-fedora-clang 1.7.1 62.00 NOTE
r-devel-linux-x86_64-fedora-gcc 1.7.1 51.21 OK
r-devel-windows-ix86+x86_64 1.7.1 12.00 65.00 77.00 OK
r-patched-linux-x86_64 1.7.1 4.78 39.32 44.10 OK
r-patched-solaris-x86 1.7.1 70.40 OK
r-release-linux-x86_64 1.7.1 4.18 39.51 43.69 OK
r-release-macos-x86_64 1.7.1 OK
r-release-windows-ix86+x86_64 1.7.1 8.00 51.00 59.00 OK
r-oldrel-macos-x86_64 1.7.1 OK
r-oldrel-windows-ix86+x86_64 1.7.1 7.00 54.00 61.00 OK

Check Details

Version: 1.7.1
Check: Rd cross-references
Result: NOTE
    Undeclared packages ‘tm’, ‘textreadr’ in Rd xrefs
Flavor: r-devel-linux-x86_64-fedora-clang